{"id":253,"date":"2024-07-09T12:24:39","date_gmt":"2024-07-09T10:24:39","guid":{"rendered":"https:\/\/gazetagorska.pttk.pl\/?page_id=253"},"modified":"2024-07-10T15:41:19","modified_gmt":"2024-07-10T13:41:19","slug":"kontakt","status":"publish","type":"page","link":"https:\/\/gazetagorska.pttk.pl\/index.php\/kontakt\/","title":{"rendered":"Kontakt"},"content":{"rendered":"\n<figure class=\"wp-block-image size-full\"><a href=\"https:\/\/gazetagorska.pttk.pl\/\"><img loading=\"lazy\" decoding=\"async\" width=\"600\" height=\"286\" src=\"https:\/\/gazetagorska.pttk.pl\/wp-content\/uploads\/2024\/07\/LOGO-gg-NOWAa.jpg\" alt=\"\" class=\"wp-image-147\" srcset=\"https:\/\/gazetagorska.pttk.pl\/wp-content\/uploads\/2024\/07\/LOGO-gg-NOWAa.jpg 600w, https:\/\/gazetagorska.pttk.pl\/wp-content\/uploads\/2024\/07\/LOGO-gg-NOWAa-300x143.jpg 300w\" sizes=\"auto, (max-width: 600px) 100vw, 600px\" \/><\/a><\/figure>\n\n\n\n<h2 class=\"wp-block-heading\">Adres redakcji<\/h2>\n\n\n\n<h5 class=\"wp-block-heading\">Gazeta G\u00f3rska<br>Centralny O\u015brodek Turystyki G\u00f3rskiej PTTK<br>ul. Jagiello\u0144ska 6, 31-010 Krak\u00f3w<\/h5>\n\n\n\n<p><\/p>\n\n\n\n<p><strong>mail:<\/strong> gazetagorska@cotg.pttk.pl<br><\/p>\n\n\n\n<hr class=\"wp-block-separator alignfull has-alpha-channel-opacity\"\/>\n\n\n\n<h4 class=\"wp-block-heading\">Redaktor naczelna<\/h4>\n\n\n\n<p><strong>Natalia Figiel<\/strong><br><strong>mail:<\/strong> natalia.figiel@cotg.pttk.pl<br><\/p>\n\n\n\n<hr class=\"wp-block-separator alignfull has-alpha-channel-opacity\"\/>\n\n\n\n<h4 class=\"wp-block-heading\">Prenumerata<\/h4>\n\n\n\n<p><strong>mail:<\/strong> poczta@cotg.pttk.pl<br>wi\u0119cej o zamawianiu prenumeraty <strong><a href=\"https:\/\/gazetagorska.pttk.pl\/index.php\/prenumerata\/\" data-type=\"page\" data-id=\"279\">TUTAJ<\/a><\/strong><br><br><\/p>\n\n\n\n<p><\/p>\n\n\n\n<hr class=\"wp-block-separator has-alpha-channel-opacity is-style-wide\"\/>\n\n\n\n<p><\/p>\n\n\n\n<p><br><br><strong>strona www: <\/strong><a href=\"https:\/\/gazetagorska.pttk.pl\/\">https:\/\/gazetagorska.pttk.pl<\/a><br><strong>facebook<\/strong>: <a href=\"https:\/\/www.facebook.com\/gazetagorska\">https:\/\/www.facebook.com\/gazetagorska<\/a><br><strong>instagram:<\/strong> <a href=\"https:\/\/www.instagram.com\/gazetagorska\/\">https:\/\/www.instagram.com\/gazetagorska<\/a><br><\/p>\n\n\n\n<p><br><\/p>\n","protected":false},"excerpt":{"rendered":"<p>Adres redakcji Gazeta G\u00f3rskaCentralny O\u015brodek Turystyki G\u00f3rskiej PTTKul. Jagiello\u0144ska 6, 31-010 Krak\u00f3w mail: gazetagorska@cotg.pttk.pl Redaktor naczelna Natalia Figielmail: natalia.figiel@cotg.pttk.pl Prenumerata mail: poczta@cotg.pttk.plwi\u0119cej o zamawianiu prenumeraty TUTAJ strona www: https:\/\/gazetagorska.pttk.plfacebook: https:\/\/www.facebook.com\/gazetagorskainstagram: https:\/\/www.instagram.com\/gazetagorska<\/p>\n","protected":false},"author":3,"featured_media":0,"parent":0,"menu_order":0,"comment_status":"closed","ping_status":"closed","template":"","meta":{"footnotes":""},"class_list":["post-253","page","type-page","status-publish","hentry"],"_links":{"self":[{"href":"https:\/\/gazetagorska.pttk.pl\/index.php\/wp-json\/wp\/v2\/pages\/253","targetHints":{"allow":["GET"]}}],"collection":[{"href":"https:\/\/gazetagorska.pttk.pl\/index.php\/wp-json\/wp\/v2\/pages"}],"about":[{"href":"https:\/\/gazetagorska.pttk.pl\/index.php\/wp-json\/wp\/v2\/types\/page"}],"author":[{"embeddable":true,"href":"https:\/\/gazetagorska.pttk.pl\/index.php\/wp-json\/wp\/v2\/users\/3"}],"replies":[{"embeddable":true,"href":"https:\/\/gazetagorska.pttk.pl\/index.php\/wp-json\/wp\/v2\/comments?post=253"}],"version-history":[{"count":18,"href":"https:\/\/gazetagorska.pttk.pl\/index.php\/wp-json\/wp\/v2\/pages\/253\/revisions"}],"predecessor-version":[{"id":555,"href":"https:\/\/gazetagorska.pttk.pl\/index.php\/wp-json\/wp\/v2\/pages\/253\/revisions\/555"}],"wp:attachment":[{"href":"https:\/\/gazetagorska.pttk.pl\/index.php\/wp-json\/wp\/v2\/media?parent=253"}],"curies":[{"name":"wp","href":"https:\/\/api.w.org\/{rel}","templated":true}]}}

<figure class="wp-block-image size-full"><a href="https://gazetagorska.pttk.pl/"><img loading="lazy" decoding="async" width="600" height="286" src="https://gazetagorska.pttk.pl/wp-content/uploads/2024/07/LOGO-gg-NOWAa.jpg" alt="" class="wp-image-147" srcset="https://gazetagorska.pttk.pl/wp-content/uploads/2024/07/LOGO-gg-NOWAa.jpg 600w, https://gazetagorska.pttk.pl/wp-content/uploads/2024/07/LOGO-gg-NOWAa-300x143.jpg 300w" sizes="auto, (max-width: 600px) 100vw, 600px" /></a></figure>



<h2 class="wp-block-heading">Adres redakcji</h2>



<h5 class="wp-block-heading">Gazeta Górska<br>Centralny Ośrodek Turystyki Górskiej PTTK<br>ul. Jagiellońska 6, 31-010 Kraków</h5>



<p></p>



<p><strong>mail:</strong> gazetagorska@cotg.pttk.pl<br></p>



<hr class="wp-block-separator alignfull has-alpha-channel-opacity"/>



<h4 class="wp-block-heading">Redaktor naczelna</h4>



<p><strong>Natalia Figiel</strong><br><strong>mail:</strong> natalia.figiel@cotg.pttk.pl<br></p>



<hr class="wp-block-separator alignfull has-alpha-channel-opacity"/>



<h4 class="wp-block-heading">Prenumerata</h4>



<p><strong>mail:</strong> poczta@cotg.pttk.pl<br>więcej o zamawianiu prenumeraty <strong><a href="https://gazetagorska.pttk.pl/index.php/prenumerata/" data-type="page" data-id="279">TUTAJ</a></strong><br><br></p>



<p></p>



<hr class="wp-block-separator has-alpha-channel-opacity is-style-wide"/>



<p></p>



<p><br><br><strong>strona www: </strong><a href="https://gazetagorska.pttk.pl/">https://gazetagorska.pttk.pl</a><br><strong>facebook</strong>: <a href="https://www.facebook.com/gazetagorska">https://www.facebook.com/gazetagorska</a><br><strong>instagram:</strong> <a href="https://www.instagram.com/gazetagorska/">https://www.instagram.com/gazetagorska</a><br></p>



<p><br></p>

<p>Adres redakcji Gazeta GórskaCentralny Ośrodek Turystyki Górskiej PTTKul. Jagiellońska 6, 31-010 Kraków mail: gazetagorska@cotg.pttk.pl Redaktor naczelna Natalia Figielmail: natalia.figiel@cotg.pttk.pl Prenumerata mail: poczta@cotg.pttk.plwięcej o zamawianiu prenumeraty TUTAJ strona www: https://gazetagorska.pttk.plfacebook: https://www.facebook.com/gazetagorskainstagram: https://www.instagram.com/gazetagorska</p>
