{"id":267,"date":"2024-07-09T12:30:44","date_gmt":"2024-07-09T10:30:44","guid":{"rendered":"https:\/\/gazetagorska.pttk.pl\/?page_id=267"},"modified":"2024-07-11T14:40:21","modified_gmt":"2024-07-11T12:40:21","slug":"gdzie-kupic-gazete-gorska","status":"publish","type":"page","link":"https:\/\/gazetagorska.pttk.pl\/index.php\/gdzie-kupic-gazete-gorska\/","title":{"rendered":"Gdzie kupi\u0107 Gazet\u0119 G\u00f3rsk\u0105?"},"content":{"rendered":"\n<figure class=\"wp-block-image size-full\"><a href=\"https:\/\/gazetagorska.pttk.pl\/\"><img loading=\"lazy\" decoding=\"async\" width=\"600\" height=\"286\" src=\"https:\/\/gazetagorska.pttk.pl\/wp-content\/uploads\/2024\/07\/LOGO-gg-NOWAa.jpg\" alt=\"\" class=\"wp-image-147\" srcset=\"https:\/\/gazetagorska.pttk.pl\/wp-content\/uploads\/2024\/07\/LOGO-gg-NOWAa.jpg 600w, https:\/\/gazetagorska.pttk.pl\/wp-content\/uploads\/2024\/07\/LOGO-gg-NOWAa-300x143.jpg 300w\" sizes=\"auto, (max-width: 600px) 100vw, 600px\" \/><\/a><\/figure>\n\n\n\n<p><strong>Sklep Centralnego O\u015brodka Turystyki G\u00f3rskiej PTTK<\/strong><br>ul. Jagiello\u0144ska 6, 31-010 Krak\u00f3w<br><\/p>\n\n\n\n<p><strong>Sie\u0107 Sklep\u00f3w Podr\u00f3\u017cnika<\/strong><br><br><strong>Sie\u0107 salon\u00f3w EMPIK<\/strong><br><\/p>\n\n\n\n<p><strong>Wybrane oddzia\u0142y PTTK<br>Wybrane schroniska g\u00f3rskie PTTK<\/strong><br><\/p>\n\n\n\n<p><strong>Antykwariat G\u00f3rski FILAR<\/strong><br>ul. Alabastrowa 98, Kielce<\/p>\n\n\n\n<p><\/p>\n\n\n\n<p><strong>Online<\/strong> <br><a href=\"https:\/\/cotgsklep.pttk.pl\/\">https:\/\/cotgsklep.pttk.pl<\/a><\/p>\n","protected":false},"excerpt":{"rendered":"<p>Sklep Centralnego O\u015brodka Turystyki G\u00f3rskiej PTTKul. Jagiello\u0144ska 6, 31-010 Krak\u00f3w Sie\u0107 Sklep\u00f3w Podr\u00f3\u017cnika Sie\u0107 salon\u00f3w EMPIK Wybrane oddzia\u0142y PTTKWybrane schroniska g\u00f3rskie PTTK Antykwariat G\u00f3rski FILARul. Alabastrowa 98, Kielce Online https:\/\/cotgsklep.pttk.pl<\/p>\n","protected":false},"author":3,"featured_media":0,"parent":0,"menu_order":0,"comment_status":"closed","ping_status":"closed","template":"","meta":{"footnotes":""},"class_list":["post-267","page","type-page","status-publish","hentry"],"_links":{"self":[{"href":"https:\/\/gazetagorska.pttk.pl\/index.php\/wp-json\/wp\/v2\/pages\/267","targetHints":{"allow":["GET"]}}],"collection":[{"href":"https:\/\/gazetagorska.pttk.pl\/index.php\/wp-json\/wp\/v2\/pages"}],"about":[{"href":"https:\/\/gazetagorska.pttk.pl\/index.php\/wp-json\/wp\/v2\/types\/page"}],"author":[{"embeddable":true,"href":"https:\/\/gazetagorska.pttk.pl\/index.php\/wp-json\/wp\/v2\/users\/3"}],"replies":[{"embeddable":true,"href":"https:\/\/gazetagorska.pttk.pl\/index.php\/wp-json\/wp\/v2\/comments?post=267"}],"version-history":[{"count":5,"href":"https:\/\/gazetagorska.pttk.pl\/index.php\/wp-json\/wp\/v2\/pages\/267\/revisions"}],"predecessor-version":[{"id":647,"href":"https:\/\/gazetagorska.pttk.pl\/index.php\/wp-json\/wp\/v2\/pages\/267\/revisions\/647"}],"wp:attachment":[{"href":"https:\/\/gazetagorska.pttk.pl\/index.php\/wp-json\/wp\/v2\/media?parent=267"}],"curies":[{"name":"wp","href":"https:\/\/api.w.org\/{rel}","templated":true}]}}