{"id":271,"date":"2024-07-09T12:30:56","date_gmt":"2024-07-09T10:30:56","guid":{"rendered":"https:\/\/gazetagorska.pttk.pl\/?page_id=271"},"modified":"2025-01-09T14:47:33","modified_gmt":"2025-01-09T13:47:33","slug":"redakcja","status":"publish","type":"page","link":"https:\/\/gazetagorska.pttk.pl\/index.php\/redakcja\/","title":{"rendered":"Redakcja"},"content":{"rendered":"\n<figure class=\"wp-block-image size-full\"><a href=\"https:\/\/gazetagorska.pttk.pl\/\"><img loading=\"lazy\" decoding=\"async\" width=\"600\" height=\"286\" src=\"https:\/\/gazetagorska.pttk.pl\/wp-content\/uploads\/2024\/07\/LOGO-gg-NOWAa.jpg\" alt=\"\" class=\"wp-image-147\" srcset=\"https:\/\/gazetagorska.pttk.pl\/wp-content\/uploads\/2024\/07\/LOGO-gg-NOWAa.jpg 600w, https:\/\/gazetagorska.pttk.pl\/wp-content\/uploads\/2024\/07\/LOGO-gg-NOWAa-300x143.jpg 300w\" sizes=\"auto, (max-width: 600px) 100vw, 600px\" \/><\/a><\/figure>\n\n\n\n<p><strong>WYDAWCA:<\/strong> <br>Centralny O\u015brodek Turystyki G\u00f3rskiej PTTK w Krakowie<br><\/p>\n\n\n\n<hr class=\"wp-block-separator alignfull has-alpha-channel-opacity\"\/>\n\n\n\n<p><strong>REDAKCJA: <\/strong><br>Natalia Figiel &#8211; redaktor naczelna <br>Sebastian K\u0142osok<br><\/p>\n\n\n\n<hr class=\"wp-block-separator alignfull has-alpha-channel-opacity\"\/>\n\n\n\n<p><strong>KOREKTA:<\/strong> <br>Sebastian K\u0142osok, Ma\u0142gorzata Szczepa\u0144ska, Jacek P\u0142onczy\u0144ski<br><\/p>\n\n\n\n<hr class=\"wp-block-separator alignfull has-alpha-channel-opacity\"\/>\n\n\n\n<p><br><strong>STA\u0141A WSP\u00d3\u0141PRACA: <\/strong><br>Miros\u0142aw J. Bara\u0144ski, Micha\u0142 Bojarski, Wojciech Szatkowski, Jacek P\u0142onczy\u0144ski, Agnieszka Jurczy\u0144ska-K\u0142osok, Janusz Konieczniak, Tomasz Rzeczycki, Anna Kryszczak<br><\/p>\n\n\n\n<hr class=\"wp-block-separator alignfull has-alpha-channel-opacity\"\/>\n\n\n\n<p><br><strong>RADA REDAKCYJNA: <\/strong><br>Jacek Potocki \u2013 przewodnicz\u0105cy, Stefan W. Alexandrowicz, Stanis\u0142aw Figiel, Jerzy Kap\u0142on, Sebastian K\u0142osok, Zbigniew \u0141adygin, Miko\u0142aj Majewski, Marek Staffa, Janusz Tomasiewicz, Wies\u0142aw A. W\u00f3jcik<\/p>\n\n\n\n<p><\/p>\n\n\n\n<hr class=\"wp-block-separator alignfull has-alpha-channel-opacity\"\/>\n\n\n\n<p>Redakcja zastrzega sobie prawo skracania, redagowania tekst\u00f3w i nadawania tytu\u0142\u00f3w. Pogl\u0105dy autor\u00f3w nie zawsze pokrywaj\u0105 si\u0119 ze stanowiskiem redakcji i Wydawcy. Materia\u0142\u00f3w niezam\u00f3wionych nie zwracamy.<\/p>\n\n\n\n<p><\/p>\n\n\n\n<p><br><strong>ISSN 1231-7101 <\/strong><br>Nak\u0142ad 1200 egzemplarzy<\/p>\n","protected":false},"excerpt":{"rendered":"<p>WYDAWCA: Centralny O\u015brodek Turystyki G\u00f3rskiej PTTK w Krakowie REDAKCJA: Natalia Figiel &#8211; redaktor naczelna Sebastian K\u0142osok KOREKTA: Sebastian K\u0142osok, Ma\u0142gorzata Szczepa\u0144ska, Jacek P\u0142onczy\u0144ski STA\u0141A WSP\u00d3\u0141PRACA: Miros\u0142aw J. Bara\u0144ski, Micha\u0142 Bojarski, Wojciech Szatkowski, Jacek P\u0142onczy\u0144ski, Agnieszka Jurczy\u0144ska-K\u0142osok, Janusz Konieczniak, Tomasz Rzeczycki, Anna Kryszczak RADA REDAKCYJNA: Jacek Potocki \u2013 przewodnicz\u0105cy, Stefan W. Alexandrowicz, Stanis\u0142aw Figiel, Jerzy Kap\u0142on, [&hellip;]<\/p>\n","protected":false},"author":3,"featured_media":0,"parent":0,"menu_order":0,"comment_status":"closed","ping_status":"closed","template":"","meta":{"footnotes":""},"class_list":["post-271","page","type-page","status-publish","hentry"],"_links":{"self":[{"href":"https:\/\/gazetagorska.pttk.pl\/index.php\/wp-json\/wp\/v2\/pages\/271","targetHints":{"allow":["GET"]}}],"collection":[{"href":"https:\/\/gazetagorska.pttk.pl\/index.php\/wp-json\/wp\/v2\/pages"}],"about":[{"href":"https:\/\/gazetagorska.pttk.pl\/index.php\/wp-json\/wp\/v2\/types\/page"}],"author":[{"embeddable":true,"href":"https:\/\/gazetagorska.pttk.pl\/index.php\/wp-json\/wp\/v2\/users\/3"}],"replies":[{"embeddable":true,"href":"https:\/\/gazetagorska.pttk.pl\/index.php\/wp-json\/wp\/v2\/comments?post=271"}],"version-history":[{"count":11,"href":"https:\/\/gazetagorska.pttk.pl\/index.php\/wp-json\/wp\/v2\/pages\/271\/revisions"}],"predecessor-version":[{"id":879,"href":"https:\/\/gazetagorska.pttk.pl\/index.php\/wp-json\/wp\/v2\/pages\/271\/revisions\/879"}],"wp:attachment":[{"href":"https:\/\/gazetagorska.pttk.pl\/index.php\/wp-json\/wp\/v2\/media?parent=271"}],"curies":[{"name":"wp","href":"https:\/\/api.w.org\/{rel}","templated":true}]}}

<figure class="wp-block-image size-full"><a href="https://gazetagorska.pttk.pl/"><img loading="lazy" decoding="async" width="600" height="286" src="https://gazetagorska.pttk.pl/wp-content/uploads/2024/07/LOGO-gg-NOWAa.jpg" alt="" class="wp-image-147" srcset="https://gazetagorska.pttk.pl/wp-content/uploads/2024/07/LOGO-gg-NOWAa.jpg 600w, https://gazetagorska.pttk.pl/wp-content/uploads/2024/07/LOGO-gg-NOWAa-300x143.jpg 300w" sizes="auto, (max-width: 600px) 100vw, 600px" /></a></figure>



<p><strong>WYDAWCA:</strong> <br>Centralny Ośrodek Turystyki Górskiej PTTK w Krakowie<br></p>



<hr class="wp-block-separator alignfull has-alpha-channel-opacity"/>



<p><strong>REDAKCJA: </strong><br>Natalia Figiel &#8211; redaktor naczelna <br>Sebastian Kłosok<br></p>



<hr class="wp-block-separator alignfull has-alpha-channel-opacity"/>



<p><strong>KOREKTA:</strong> <br>Sebastian Kłosok, Małgorzata Szczepańska, Jacek Płonczyński<br></p>



<hr class="wp-block-separator alignfull has-alpha-channel-opacity"/>



<p><br><strong>STAŁA WSPÓŁPRACA: </strong><br>Mirosław J. Barański, Michał Bojarski, Wojciech Szatkowski, Jacek Płonczyński, Agnieszka Jurczyńska-Kłosok, Janusz Konieczniak, Tomasz Rzeczycki, Anna Kryszczak<br></p>



<hr class="wp-block-separator alignfull has-alpha-channel-opacity"/>



<p><br><strong>RADA REDAKCYJNA: </strong><br>Jacek Potocki – przewodniczący, Stefan W. Alexandrowicz, Stanisław Figiel, Jerzy Kapłon, Sebastian Kłosok, Zbigniew Ładygin, Mikołaj Majewski, Marek Staffa, Janusz Tomasiewicz, Wiesław A. Wójcik</p>



<p></p>



<hr class="wp-block-separator alignfull has-alpha-channel-opacity"/>



<p>Redakcja zastrzega sobie prawo skracania, redagowania tekstów i nadawania tytułów. Poglądy autorów nie zawsze pokrywają się ze stanowiskiem redakcji i Wydawcy. Materiałów niezamówionych nie zwracamy.</p>



<p></p>



<p><br><strong>ISSN 1231-7101 </strong><br>Nakład 1200 egzemplarzy</p>

<p>WYDAWCA: Centralny Ośrodek Turystyki Górskiej PTTK w Krakowie REDAKCJA: Natalia Figiel &#8211; redaktor naczelna Sebastian Kłosok KOREKTA: Sebastian Kłosok, Małgorzata Szczepańska, Jacek Płonczyński STAŁA WSPÓŁPRACA: Mirosław J. Barański, Michał Bojarski, Wojciech Szatkowski, Jacek Płonczyński, Agnieszka Jurczyńska-Kłosok, Janusz Konieczniak, Tomasz Rzeczycki, Anna Kryszczak RADA REDAKCYJNA: Jacek Potocki – przewodniczący, Stefan W. Alexandrowicz, Stanisław Figiel, Jerzy Kapłon, [&hellip;]</p>
