{"id":583,"date":"2024-07-10T16:05:02","date_gmt":"2024-07-10T14:05:02","guid":{"rendered":"https:\/\/gazetagorska.pttk.pl\/?page_id=583"},"modified":"2024-07-10T16:05:02","modified_gmt":"2024-07-10T14:05:02","slug":"gazeta-gorska-nr-123-lato-2023","status":"publish","type":"page","link":"https:\/\/gazetagorska.pttk.pl\/index.php\/gazeta-gorska-nr-123-lato-2023\/","title":{"rendered":"Gazeta G\u00f3rska nr 123 lato 2023"},"content":{"rendered":"\n<figure class=\"wp-block-image size-large\"><a href=\"https:\/\/gazetagorska.pttk.pl\/\"><img loading=\"lazy\" decoding=\"async\" width=\"1024\" height=\"683\" src=\"https:\/\/gazetagorska.pttk.pl\/wp-content\/uploads\/2024\/07\/52178099838_fd418553b4_k-1024x683.jpg\" alt=\"\" class=\"wp-image-585\" srcset=\"https:\/\/gazetagorska.pttk.pl\/wp-content\/uploads\/2024\/07\/52178099838_fd418553b4_k-1024x683.jpg 1024w, https:\/\/gazetagorska.pttk.pl\/wp-content\/uploads\/2024\/07\/52178099838_fd418553b4_k-300x200.jpg 300w, https:\/\/gazetagorska.pttk.pl\/wp-content\/uploads\/2024\/07\/52178099838_fd418553b4_k-768x512.jpg 768w, https:\/\/gazetagorska.pttk.pl\/wp-content\/uploads\/2024\/07\/52178099838_fd418553b4_k-1536x1024.jpg 1536w, https:\/\/gazetagorska.pttk.pl\/wp-content\/uploads\/2024\/07\/52178099838_fd418553b4_k.jpg 2048w\" sizes=\"auto, (max-width: 1024px) 100vw, 1024px\" \/><\/a><\/figure>\n\n\n\n<h3 class=\"wp-block-heading\">Od redakcji<\/h3>\n\n\n\n<p>Byle do lata! Po prostu byle do g\u00f3rskiego lata! Byle do jesieni! Byle do zimy, do wiosny\u2026 Mo\u017ce po prostu \u2013 byle do przodu!<br>O tak, po prostu do przodu! Ruszamy po d\u0142u\u017cszej przerwie stania w miejscu. Zn\u00f3w w g\u00f3ry! Oby teraz jako\u015b sz\u0142o, bez przyd\u0142ugich przystank\u00f3w. Zn\u00f3w si\u0119 rozp\u0119dzamy, zn\u00f3w szukamy nowych, g\u00f3rskich inspiracji. Powoli w g\u00f3ry wracamy, bo tam zawsze dobrze si\u0119 wraca, nawet po d\u0142u\u017cszej przerwie, nawet nie\u015bmia\u0142o, pomalutku. To co, idziecie z nami zn\u00f3w? B\u0119dzie nam bardzo mi\u0142o z Wami w\u0119drowa\u0107 po g\u00f3rskich szlakach i bezdro\u017cach!<br>W ramach delikatnej rozgrzewki szukamy g\u00f3r, albo przynajmniej wzniesie\u0144, na Warmii i Mazurach, kontynuujemy zdobywanie korony Europy od ty\u0142u i szwendamy si\u0119 po pog\u00f3rzach, spacerujemy z nie\u015bmia\u0142o\u015bci\u0105 po reglach tatrza\u0144skich. Nawet s\u0142owacki spacer, taki troch\u0119 \u0142agodniejszy tym razem.<br>Jak ju\u017c si\u0119 odrobin\u0119 rozp\u0119dzimy, to zapraszamy na wczasy na wyspy, niekoniecznie bezludne, ale bardzo g\u00f3rskie. G\u00f3ry i morze, to zawsze ciekawe po\u0142\u0105czenie. Polecamy! Mo\u017cna za\u017cy\u0107 troch\u0119 po\u0142udniowego s\u0142o\u0144ca.<\/p>\n\n\n\n<p>Chod\u017acie z nami w g\u00f3ry! W sumie wszystko jedno w jak\u0105 por\u0119 roku! Chod\u017acie, w g\u00f3ry zawsze!<\/p>\n\n\n\n<div class=\"wp-block-group is-nowrap is-layout-flex wp-container-core-group-is-layout-f66f9956 wp-block-group-is-layout-flex\">\n<figure class=\"wp-block-image size-large is-resized\"><img loading=\"lazy\" decoding=\"async\" width=\"722\" height=\"1024\" src=\"https:\/\/gazetagorska.pttk.pl\/wp-content\/uploads\/2024\/07\/GG123-okladka-pol-722x1024.jpg\" alt=\"\" class=\"wp-image-97\" style=\"width:471px;height:auto\" srcset=\"https:\/\/gazetagorska.pttk.pl\/wp-content\/uploads\/2024\/07\/GG123-okladka-pol-722x1024.jpg 722w, https:\/\/gazetagorska.pttk.pl\/wp-content\/uploads\/2024\/07\/GG123-okladka-pol-211x300.jpg 211w, https:\/\/gazetagorska.pttk.pl\/wp-content\/uploads\/2024\/07\/GG123-okladka-pol-768x1090.jpg 768w, https:\/\/gazetagorska.pttk.pl\/wp-content\/uploads\/2024\/07\/GG123-okladka-pol-1082x1536.jpg 1082w, https:\/\/gazetagorska.pttk.pl\/wp-content\/uploads\/2024\/07\/GG123-okladka-pol-1443x2048.jpg 1443w, https:\/\/gazetagorska.pttk.pl\/wp-content\/uploads\/2024\/07\/GG123-okladka-pol-scaled.jpg 1804w\" sizes=\"auto, (max-width: 722px) 100vw, 722px\" \/><\/figure>\n\n\n\n<div class=\"wp-block-group is-vertical is-layout-flex wp-container-core-group-is-layout-fe9cc265 wp-block-group-is-layout-flex\">\n<div class=\"wp-block-columns is-layout-flex wp-container-core-columns-is-layout-28f84493 wp-block-columns-is-layout-flex\">\n<div class=\"wp-block-column is-layout-flow wp-block-column-is-layout-flow\" style=\"flex-basis:100%\">\n<h3 class=\"wp-block-heading\">W numerze<\/h3>\n<\/div>\n<\/div>\n\n\n\n<div class=\"wp-block-columns is-layout-flex wp-container-core-columns-is-layout-28f84493 wp-block-columns-is-layout-flex\">\n<div class=\"wp-block-column is-layout-flow wp-block-column-is-layout-flow\" style=\"flex-basis:100%\">\n<p>CO NOWEGO W G\u00d3RACH? 4<br>Szybko, kr\u00f3tko \u2013 Marcin Bojarski, Raptularz G\u00f3rski \u2013 Janusz Konieczniak<br><br>G\u00d3RY ZA MIEDZ\u0104 S\u0104SIADA 8<br>G\u00f3ry na wyspach. Grecja Egejska. Cz\u0119\u015b\u0107 1 \u2013 Jacek P\u0142onczy\u0144ski<br><br>G\u00d3RY ZASKAKUJ\u0104CE 24<br>Czy mo\u017cna przenie\u015b\u0107 g\u00f3ry na Warmi\u0119 i Mazury? \u2013 Kazimierz Kisielew, Jerzy Olak<br><br>G\u00d3RY NAJBLI\u017bSZE 30<br>Hej niebieski! \u2013 Wojciech Szatkowski<br><br>S\u0141OWACKIE SPACERY 38<br>Z widokiem na Trzy Korony \u2013 Miros\u0142aw J. Bara\u0144ski<br><br>G\u00d3RY BLISKIE 46<br>\u0141a\u0144cuchy, klamry i drabinki w Sudetach \u2013 Tomasz Rzeczycki<br><br>G\u00d3RY ZA MIEDZ\u0104 S\u0104SIADA 54<br>Zielone szlaki Madery \u2013 Piotr Siwek<br><br>KORONA EUROPY OD TY\u0141U 62<br>Po koron\u0119 Besarabii \u2013 Pawe\u0142 Mi\u015bkowiec<br><br>G\u00d3RY ZA MIEDZ\u0104 S\u0104SIADA 66 <br>W g\u00f3rach Atlantydy. Santor\u00edni \u2013 Violetta Kwiatkowska-W\u00f3jcikiewicz, J\u00f3zef W\u00f3jcikiewicz<br><br>G\u00d3RY I HISTORIA 72 <br>Klub Jaremcza\u0144ski \u201eSzarotka\u201d i trzykrotny Hules \u2013 Dariusz Dyl\u0105g<br><br>G\u00d3RY NAJBLI\u017bSZE 80 <br>\u015acie\u017cka wije si\u0119 i zakr\u0119ca\u2026 Opowie\u015bci z Doliny Lejowej i Przys\u0142opu Mi\u0119tusiego \u2013 Wojciech Szatkowski<br><br>G\u00d3RSKI PRZEGL\u0104D WYDAWNICZY 86 <br>G\u00f3ra ksi\u0105\u017cek \u2013 Sebastian K\u0142osok<\/p>\n<\/div>\n<\/div>\n<\/div>\n<\/div>\n\n\n\n<p><\/p>\n","protected":false},"excerpt":{"rendered":"<p>Od redakcji Byle do lata! Po prostu byle do g\u00f3rskiego lata! Byle do jesieni! Byle do zimy, do wiosny\u2026 Mo\u017ce po prostu \u2013 byle do przodu!O tak, po prostu do przodu! Ruszamy po d\u0142u\u017cszej przerwie stania w miejscu. Zn\u00f3w w g\u00f3ry! Oby teraz jako\u015b sz\u0142o, bez przyd\u0142ugich przystank\u00f3w. Zn\u00f3w si\u0119 rozp\u0119dzamy, zn\u00f3w szukamy nowych, g\u00f3rskich [&hellip;]<\/p>\n","protected":false},"author":3,"featured_media":0,"parent":0,"menu_order":0,"comment_status":"closed","ping_status":"closed","template":"","meta":{"footnotes":""},"class_list":["post-583","page","type-page","status-publish","hentry"],"_links":{"self":[{"href":"https:\/\/gazetagorska.pttk.pl\/index.php\/wp-json\/wp\/v2\/pages\/583","targetHints":{"allow":["GET"]}}],"collection":[{"href":"https:\/\/gazetagorska.pttk.pl\/index.php\/wp-json\/wp\/v2\/pages"}],"about":[{"href":"https:\/\/gazetagorska.pttk.pl\/index.php\/wp-json\/wp\/v2\/types\/page"}],"author":[{"embeddable":true,"href":"https:\/\/gazetagorska.pttk.pl\/index.php\/wp-json\/wp\/v2\/users\/3"}],"replies":[{"embeddable":true,"href":"https:\/\/gazetagorska.pttk.pl\/index.php\/wp-json\/wp\/v2\/comments?post=583"}],"version-history":[{"count":1,"href":"https:\/\/gazetagorska.pttk.pl\/index.php\/wp-json\/wp\/v2\/pages\/583\/revisions"}],"predecessor-version":[{"id":587,"href":"https:\/\/gazetagorska.pttk.pl\/index.php\/wp-json\/wp\/v2\/pages\/583\/revisions\/587"}],"wp:attachment":[{"href":"https:\/\/gazetagorska.pttk.pl\/index.php\/wp-json\/wp\/v2\/media?parent=583"}],"curies":[{"name":"wp","href":"https:\/\/api.w.org\/{rel}","templated":true}]}}