{"id":675,"date":"2024-07-11T15:11:04","date_gmt":"2024-07-11T13:11:04","guid":{"rendered":"https:\/\/gazetagorska.pttk.pl\/?page_id=675"},"modified":"2024-07-11T15:16:31","modified_gmt":"2024-07-11T13:16:31","slug":"gazeta-gorska-nr-121-zima-2023","status":"publish","type":"page","link":"https:\/\/gazetagorska.pttk.pl\/index.php\/gazeta-gorska-nr-121-zima-2023\/","title":{"rendered":"Gazeta G\u00f3rska nr\u00a0121 zima 2023"},"content":{"rendered":"\n<figure class=\"wp-block-image size-large\"><a href=\"https:\/\/gazetagorska.pttk.pl\/\"><img loading=\"lazy\" decoding=\"async\" width=\"1024\" height=\"683\" src=\"https:\/\/gazetagorska.pttk.pl\/wp-content\/uploads\/2024\/07\/52644903190_0ac6a9cb17_m-1024x683.jpg\" alt=\"\" class=\"wp-image-681\" srcset=\"https:\/\/gazetagorska.pttk.pl\/wp-content\/uploads\/2024\/07\/52644903190_0ac6a9cb17_m-1024x683.jpg 1024w, https:\/\/gazetagorska.pttk.pl\/wp-content\/uploads\/2024\/07\/52644903190_0ac6a9cb17_m-300x200.jpg 300w, https:\/\/gazetagorska.pttk.pl\/wp-content\/uploads\/2024\/07\/52644903190_0ac6a9cb17_m-768x512.jpg 768w, https:\/\/gazetagorska.pttk.pl\/wp-content\/uploads\/2024\/07\/52644903190_0ac6a9cb17_m-1536x1024.jpg 1536w, https:\/\/gazetagorska.pttk.pl\/wp-content\/uploads\/2024\/07\/52644903190_0ac6a9cb17_m.jpg 1920w\" sizes=\"auto, (max-width: 1024px) 100vw, 1024px\" \/><\/a><\/figure>\n\n\n\n<h3 class=\"wp-block-heading\">Od&nbsp;redakcji<\/h3>\n\n\n\n<p>W momencie gdy pisz\u0119 ten tekst za oknem szaleje ma\u0142a \u015bnie\u017cyca. Dodam tylko, \u017ce biurko z komputerem i okno, przez kt\u00f3re patrz\u0119, mieszcz\u0105 si\u0119 w centrum Krakowa. Czyli zima! Ciekawe co teraz dzieje si\u0119 w g\u00f3rach, skoro tu, w mie\u015bcie, robi si\u0119 bia\u0142o. W\u0142a\u015bnie wyobra\u017cam sobie te pok\u0142ady \u015bwie\u017cego, nienaruszonego puchu, przez kt\u00f3re jeszcze nie przejecha\u0142 \u017caden narciarz\u2026 <br>A ka\u017cdy chcia\u0142by by\u0107 pierwszy! W\u0142a\u015bnie krystalizuje si\u0119 g\u00f3rska, standardowo zimowa, wiosna. <br>Ten numer te\u017c taki w\u0142a\u015bnie jest \u2013 zimowy! Ale przecie\u017c najlepsza zima w g\u00f3rach jest wiosn\u0105! To my te\u017c! By by\u0142o zimowo, zapraszamy Was na skitury w Bieszczady i w Beskid \u017bywiecki. Pi\u0119kne miejsca z ogromnym, narciarskim potencja\u0142em. Bo ju\u017c od jakiego czasu wiadomo, \u017ce dobre tury, to nie tylko trudne zjazdy tatrza\u0144skimi \u017clebami. Co powiecie na cudnej urody, przejrzysty, bukowy bieszczadzki las? W komplecie dobry \u015bnieg i najlepsza zabawa gwarantowana! Dla tych, kt\u00f3rzy jednak z nadziej\u0105 i t\u0119sknot\u0105 wypatruj\u0105 w kalendarzu daty 21 marca, mamy zestaw g\u00f3r po\u0142o\u017conych w cieplejszych rejonach \u015bwiata \u2013 Teneryfa, Macedonia oraz Bo\u015bnia i Hercegowina b\u0119d\u0105 ok? B\u0119d\u0105! Wyj\u0105tkowo tam \u0142adnie i ciep\u0142o. Po\u0142\u0105czenie idealne!<br>Na deser odrobina historycznych ciekawostek z Karkonoszy i Karpat Wschodnich i wszystkie sk\u0142adniki naszego g\u00f3rskiego koktajlu gotowe. <br>Polecamy si\u0119 waszej czytelniczej uwadze! Byle do wiosny! Tej kwitn\u0105cej i zielonej!<\/p>\n\n\n\n<div class=\"wp-block-columns is-layout-flex wp-container-core-columns-is-layout-28f84493 wp-block-columns-is-layout-flex\">\n<div class=\"wp-block-column is-layout-flow wp-block-column-is-layout-flow\" style=\"flex-basis:100%\">\n<div class=\"wp-block-group is-nowrap is-layout-flex wp-container-core-group-is-layout-f66f9956 wp-block-group-is-layout-flex\">\n<figure class=\"wp-block-image size-large\"><img loading=\"lazy\" decoding=\"async\" width=\"724\" height=\"1024\" src=\"https:\/\/gazetagorska.pttk.pl\/wp-content\/uploads\/2024\/07\/GG-zima-2023-okladka-2-724x1024.jpg\" alt=\"\" class=\"wp-image-301\" srcset=\"https:\/\/gazetagorska.pttk.pl\/wp-content\/uploads\/2024\/07\/GG-zima-2023-okladka-2-724x1024.jpg 724w, https:\/\/gazetagorska.pttk.pl\/wp-content\/uploads\/2024\/07\/GG-zima-2023-okladka-2-212x300.jpg 212w, https:\/\/gazetagorska.pttk.pl\/wp-content\/uploads\/2024\/07\/GG-zima-2023-okladka-2-768x1086.jpg 768w, https:\/\/gazetagorska.pttk.pl\/wp-content\/uploads\/2024\/07\/GG-zima-2023-okladka-2.jpg 1024w\" sizes=\"auto, (max-width: 724px) 100vw, 724px\" \/><\/figure>\n\n\n\n<div class=\"wp-block-group is-vertical is-layout-flex wp-container-core-group-is-layout-fe9cc265 wp-block-group-is-layout-flex\">\n<h3 class=\"wp-block-heading\">W&nbsp;numerze<\/h3>\n\n\n\n<p>CO NOWEGO W G\u00d3RACH? 4<br>Szybko, kr\u00f3tko \u2013 Marcin Bojarski, Raptularz G\u00f3rski \u2013 Janusz Konieczniak<\/p>\n\n\n\n<p>G\u00d3RY ZA MIEDZ\u0104 S\u0104SIADA 8<br>G\u00f3ry Teno na Teneryfie. W poszukiwaniu s\u0142o\u0144ca \u2013 Jacek P\u0142onczy\u0144ski<\/p>\n\n\n\n<p>G\u00d3RY ZA MIEDZ\u0104 S\u0104SIADA 26<br>Korona G\u00f3r P\u00f3\u0142nocnej Macedonii, cz\u0119\u015b\u0107 druga \u2013 Piotr Krzywda<\/p>\n\n\n\n<p>G\u00d3RY I PRZYRODA 38<br>Z biegiem rzeki Uny \u2013 Janusz Tomasiewicz<\/p>\n\n\n\n<p>S\u0141OWACKIE SPACERY 48<br>Lubi\u0119 wraca\u0107 tam, gdzie by\u0142em ju\u017c\u2026 czyli kr\u00f3tka wycieczka na Liptovsk\u00fd hrad \u2013 Miros\u0142aw J. Bara\u0144ski<\/p>\n\n\n\n<p>ZIMOWE G\u00d3RY NAJBLI\u017bSZE 54<br>Kr\u00f3lowa Bieszczad\u00f3w jest tylko jedna \u2013 Wojciech Szatkowski<\/p>\n\n\n\n<p>ZIMOWE G\u00d3RY NAJBLI\u017bSZE 62<br>Trawers. Beskid \u017bywiecki na skiturach \u2013 Wojciech Szatkowski<\/p>\n\n\n\n<p>G\u00d3RSKA TAJEMNICA 70<br>Zagadka spalonej plac\u00f3wki Wierchy w Karkonoszach \u2013 Tomasz Rzeczycki<\/p>\n\n\n\n<p>G\u00d3RY I HISTORIA 76<br>Boles\u0142aw B\u0142a\u017cek i jego wschodniokarpacki ob\u00f3z w\u0119drowny \u2013 Dariusz Dyl\u0105g<\/p>\n\n\n\n<p>G\u00d3RSKI PRZEGL\u0104D WYDAWNICZY 84 <br>G\u00f3ra ksi\u0105\u017cek \u2013 Sebastian K\u0142osok<\/p>\n<\/div>\n<\/div>\n<\/div>\n<\/div>\n","protected":false},"excerpt":{"rendered":"<p>Od&nbsp;redakcji W momencie gdy pisz\u0119 ten tekst za oknem szaleje ma\u0142a \u015bnie\u017cyca. Dodam tylko, \u017ce biurko z komputerem i okno, przez kt\u00f3re patrz\u0119, mieszcz\u0105 si\u0119 w centrum Krakowa. Czyli zima! Ciekawe co teraz dzieje si\u0119 w g\u00f3rach, skoro tu, w mie\u015bcie, robi si\u0119 bia\u0142o. W\u0142a\u015bnie wyobra\u017cam sobie te pok\u0142ady \u015bwie\u017cego, nienaruszonego puchu, przez kt\u00f3re jeszcze [&hellip;]<\/p>\n","protected":false},"author":3,"featured_media":0,"parent":0,"menu_order":0,"comment_status":"closed","ping_status":"closed","template":"","meta":{"footnotes":""},"class_list":["post-675","page","type-page","status-publish","hentry"],"_links":{"self":[{"href":"https:\/\/gazetagorska.pttk.pl\/index.php\/wp-json\/wp\/v2\/pages\/675","targetHints":{"allow":["GET"]}}],"collection":[{"href":"https:\/\/gazetagorska.pttk.pl\/index.php\/wp-json\/wp\/v2\/pages"}],"about":[{"href":"https:\/\/gazetagorska.pttk.pl\/index.php\/wp-json\/wp\/v2\/types\/page"}],"author":[{"embeddable":true,"href":"https:\/\/gazetagorska.pttk.pl\/index.php\/wp-json\/wp\/v2\/users\/3"}],"replies":[{"embeddable":true,"href":"https:\/\/gazetagorska.pttk.pl\/index.php\/wp-json\/wp\/v2\/comments?post=675"}],"version-history":[{"count":4,"href":"https:\/\/gazetagorska.pttk.pl\/index.php\/wp-json\/wp\/v2\/pages\/675\/revisions"}],"predecessor-version":[{"id":685,"href":"https:\/\/gazetagorska.pttk.pl\/index.php\/wp-json\/wp\/v2\/pages\/675\/revisions\/685"}],"wp:attachment":[{"href":"https:\/\/gazetagorska.pttk.pl\/index.php\/wp-json\/wp\/v2\/media?parent=675"}],"curies":[{"name":"wp","href":"https:\/\/api.w.org\/{rel}","templated":true}]}}

Gazeta Górska nr 121 zima 2023

<figure class="wp-block-image size-large"><a href="https://gazetagorska.pttk.pl/"><img loading="lazy" decoding="async" width="1024" height="683" src="https://gazetagorska.pttk.pl/wp-content/uploads/2024/07/52644903190_0ac6a9cb17_m-1024x683.jpg" alt="" class="wp-image-681" srcset="https://gazetagorska.pttk.pl/wp-content/uploads/2024/07/52644903190_0ac6a9cb17_m-1024x683.jpg 1024w, https://gazetagorska.pttk.pl/wp-content/uploads/2024/07/52644903190_0ac6a9cb17_m-300x200.jpg 300w, https://gazetagorska.pttk.pl/wp-content/uploads/2024/07/52644903190_0ac6a9cb17_m-768x512.jpg 768w, https://gazetagorska.pttk.pl/wp-content/uploads/2024/07/52644903190_0ac6a9cb17_m-1536x1024.jpg 1536w, https://gazetagorska.pttk.pl/wp-content/uploads/2024/07/52644903190_0ac6a9cb17_m.jpg 1920w" sizes="auto, (max-width: 1024px) 100vw, 1024px" /></a></figure>



<h3 class="wp-block-heading">Od&nbsp;redakcji</h3>



<p>W momencie gdy piszę ten tekst za oknem szaleje mała śnieżyca. Dodam tylko, że biurko z komputerem i okno, przez które patrzę, mieszczą się w centrum Krakowa. Czyli zima! Ciekawe co teraz dzieje się w górach, skoro tu, w mieście, robi się biało. Właśnie wyobrażam sobie te pokłady świeżego, nienaruszonego puchu, przez które jeszcze nie przejechał żaden narciarz… <br>A każdy chciałby być pierwszy! Właśnie krystalizuje się górska, standardowo zimowa, wiosna. <br>Ten numer też taki właśnie jest – zimowy! Ale przecież najlepsza zima w górach jest wiosną! To my też! By było zimowo, zapraszamy Was na skitury w Bieszczady i w Beskid Żywiecki. Piękne miejsca z ogromnym, narciarskim potencjałem. Bo już od jakiego czasu wiadomo, że dobre tury, to nie tylko trudne zjazdy tatrzańskimi żlebami. Co powiecie na cudnej urody, przejrzysty, bukowy bieszczadzki las? W komplecie dobry śnieg i najlepsza zabawa gwarantowana! Dla tych, którzy jednak z nadzieją i tęsknotą wypatrują w kalendarzu daty 21 marca, mamy zestaw gór położonych w cieplejszych rejonach świata – Teneryfa, Macedonia oraz Bośnia i Hercegowina będą ok? Będą! Wyjątkowo tam ładnie i ciepło. Połączenie idealne!<br>Na deser odrobina historycznych ciekawostek z Karkonoszy i Karpat Wschodnich i wszystkie składniki naszego górskiego koktajlu gotowe. <br>Polecamy się waszej czytelniczej uwadze! Byle do wiosny! Tej kwitnącej i zielonej!</p>



<div class="wp-block-columns is-layout-flex wp-container-core-columns-is-layout-28f84493 wp-block-columns-is-layout-flex">
<div class="wp-block-column is-layout-flow wp-block-column-is-layout-flow" style="flex-basis:100%">
<div class="wp-block-group is-nowrap is-layout-flex wp-container-core-group-is-layout-f66f9956 wp-block-group-is-layout-flex">
<figure class="wp-block-image size-large"><img loading="lazy" decoding="async" width="724" height="1024" src="https://gazetagorska.pttk.pl/wp-content/uploads/2024/07/GG-zima-2023-okladka-2-724x1024.jpg" alt="" class="wp-image-301" srcset="https://gazetagorska.pttk.pl/wp-content/uploads/2024/07/GG-zima-2023-okladka-2-724x1024.jpg 724w, https://gazetagorska.pttk.pl/wp-content/uploads/2024/07/GG-zima-2023-okladka-2-212x300.jpg 212w, https://gazetagorska.pttk.pl/wp-content/uploads/2024/07/GG-zima-2023-okladka-2-768x1086.jpg 768w, https://gazetagorska.pttk.pl/wp-content/uploads/2024/07/GG-zima-2023-okladka-2.jpg 1024w" sizes="auto, (max-width: 724px) 100vw, 724px" /></figure>



<div class="wp-block-group is-vertical is-layout-flex wp-container-core-group-is-layout-fe9cc265 wp-block-group-is-layout-flex">
<h3 class="wp-block-heading">W&nbsp;numerze</h3>



<p>CO NOWEGO W GÓRACH? 4<br>Szybko, krótko – Marcin Bojarski, Raptularz Górski – Janusz Konieczniak</p>



<p>GÓRY ZA MIEDZĄ SĄSIADA 8<br>Góry Teno na Teneryfie. W poszukiwaniu słońca – Jacek Płonczyński</p>



<p>GÓRY ZA MIEDZĄ SĄSIADA 26<br>Korona Gór Północnej Macedonii, część druga – Piotr Krzywda</p>



<p>GÓRY I PRZYRODA 38<br>Z biegiem rzeki Uny – Janusz Tomasiewicz</p>



<p>SŁOWACKIE SPACERY 48<br>Lubię wracać tam, gdzie byłem już… czyli krótka wycieczka na Liptovský hrad – Mirosław J. Barański</p>



<p>ZIMOWE GÓRY NAJBLIŻSZE 54<br>Królowa Bieszczadów jest tylko jedna – Wojciech Szatkowski</p>



<p>ZIMOWE GÓRY NAJBLIŻSZE 62<br>Trawers. Beskid Żywiecki na skiturach – Wojciech Szatkowski</p>



<p>GÓRSKA TAJEMNICA 70<br>Zagadka spalonej placówki Wierchy w Karkonoszach – Tomasz Rzeczycki</p>



<p>GÓRY I HISTORIA 76<br>Bolesław Błażek i jego wschodniokarpacki obóz wędrowny – Dariusz Dyląg</p>



<p>GÓRSKI PRZEGLĄD WYDAWNICZY 84 <br>Góra książek – Sebastian Kłosok</p>
</div>
</div>
</div>
</div>

<p>Od&nbsp;redakcji W momencie gdy piszę ten tekst za oknem szaleje mała śnieżyca. Dodam tylko, że biurko z komputerem i okno, przez które patrzę, mieszczą się w centrum Krakowa. Czyli zima! Ciekawe co teraz dzieje się w górach, skoro tu, w mieście, robi się biało. Właśnie wyobrażam sobie te pokłady świeżego, nienaruszonego puchu, przez które jeszcze [&hellip;]</p>
