{"id":707,"date":"2024-07-11T15:44:04","date_gmt":"2024-07-11T13:44:04","guid":{"rendered":"https:\/\/gazetagorska.pttk.pl\/?page_id=707"},"modified":"2024-07-11T15:44:04","modified_gmt":"2024-07-11T13:44:04","slug":"gazeta-gorska-nr-118-wiosna-2022","status":"publish","type":"page","link":"https:\/\/gazetagorska.pttk.pl\/index.php\/gazeta-gorska-nr-118-wiosna-2022\/","title":{"rendered":"Gazeta G\u00f3rska nr\u00a0118 wiosna 2022"},"content":{"rendered":"\n<figure class=\"wp-block-image size-large\" id=\"block-7d544be1-ce9b-4c44-bee3-c3ae94c91ccf\"><a href=\"https:\/\/gazetagorska.pttk.pl\/\"><img loading=\"lazy\" decoding=\"async\" width=\"1024\" height=\"717\" src=\"https:\/\/gazetagorska.pttk.pl\/wp-content\/uploads\/2024\/07\/fota-okladkowa-m-1024x717.jpg\" alt=\"\" class=\"wp-image-709\" srcset=\"https:\/\/gazetagorska.pttk.pl\/wp-content\/uploads\/2024\/07\/fota-okladkowa-m-1024x717.jpg 1024w, https:\/\/gazetagorska.pttk.pl\/wp-content\/uploads\/2024\/07\/fota-okladkowa-m-300x210.jpg 300w, https:\/\/gazetagorska.pttk.pl\/wp-content\/uploads\/2024\/07\/fota-okladkowa-m-768x538.jpg 768w, https:\/\/gazetagorska.pttk.pl\/wp-content\/uploads\/2024\/07\/fota-okladkowa-m-1536x1076.jpg 1536w, https:\/\/gazetagorska.pttk.pl\/wp-content\/uploads\/2024\/07\/fota-okladkowa-m.jpg 1920w\" sizes=\"auto, (max-width: 1024px) 100vw, 1024px\" \/><\/a><\/figure>\n\n\n\n<h3 class=\"wp-block-heading\" id=\"block-557e0b92-b2ea-4823-9261-1e452321ea62\">Od&nbsp;redakcji<\/h3>\n\n\n\n<p>Obud\u017amy si\u0119 ze snu! Zimowego snu\u2026 Budzenie i wstawanie bywa trudne i d\u0142ugotrwale, powolne. Otwierasz lewe oko,<br>a ono na przek\u00f3r zn\u00f3w si\u0119 zamyka. Wystawiasz praw\u0105 nog\u0119 spod ko\u0142dry, a ona zzi\u0119bni\u0119ta szybciutko szuka ponownego schronienia w pieleszach. G\u0142o\u015bny d\u017awi\u0119k budzika \u015bwidruje g\u0142ow\u0119, ale zaraz zn\u00f3w sen wygrywa walk\u0119 z ha\u0142asem. Nawet zapach \u015bwie\u017co zmielonej kawy nie dzia\u0142a odpowiednio pobudzaj\u0105co. Jak to jest? Czasem po prostu trudno wsta\u0107 rano. Czasem trudno obudzi\u0107 si\u0119 wio\u015bnie\u2026<br>Ale jak ju\u017c w ko\u0144cu Ja\u015bnie Pani Pani Wiosna przebudzi si\u0119 \u0142askawie i jak buchnie swym zielono-kwietnym jestestwem, to<br>o tym, \u017ce jest \u015bpiochem przeokropnym, szybko zapominamy i upajamy si\u0119 jej nag\u0142ym nadej\u015bciem. Niech i teraz tak b\u0119dzie z nasz\u0105 zaspan\u0105 g\u00f3rsk\u0105 wiosn\u0105. Niech zawirowania czasowe przenios\u0105 nas w g\u00f3rski nastr\u00f3j lat 20. i 30. XX wieku. Niech odrobina romantyzmu i g\u00f3rskiego odkrywania tamtego czasu pozwoli nam spojrze\u0107 na \u00f3wczesny g\u00f3rski \u015bwiat troch\u0119 inaczej.<br>Zapraszamy zn\u00f3w w nasz\u0105 papierow\u0105, g\u00f3rsk\u0105 podr\u00f3\u017c. Tym razem nie tylko w g\u00f3rskiej przestrzeni, ale te\u017c w czasie. B\u0119dziemy miesza\u0107 \u2013 Andy i Zakopane, Apeniny i Irlandi\u0119, Witkacego i Akara\u2026 Budzimy si\u0119!<\/p>\n\n\n\n<div class=\"wp-block-columns is-layout-flex wp-container-core-columns-is-layout-28f84493 wp-block-columns-is-layout-flex\">\n<div class=\"wp-block-column is-layout-flow wp-block-column-is-layout-flow\" style=\"flex-basis:50%\">\n<figure class=\"wp-block-image size-large\" id=\"block-b9281f5f-5092-43cd-82a3-1e8e37447b6a\"><img loading=\"lazy\" decoding=\"async\" width=\"724\" height=\"1024\" src=\"https:\/\/gazetagorska.pttk.pl\/wp-content\/uploads\/2024\/07\/GG-wiosna-2022-okladka-DRUK-pol-724x1024.jpg\" alt=\"\" class=\"wp-image-309\" srcset=\"https:\/\/gazetagorska.pttk.pl\/wp-content\/uploads\/2024\/07\/GG-wiosna-2022-okladka-DRUK-pol-724x1024.jpg 724w, https:\/\/gazetagorska.pttk.pl\/wp-content\/uploads\/2024\/07\/GG-wiosna-2022-okladka-DRUK-pol-212x300.jpg 212w, https:\/\/gazetagorska.pttk.pl\/wp-content\/uploads\/2024\/07\/GG-wiosna-2022-okladka-DRUK-pol-768x1086.jpg 768w, https:\/\/gazetagorska.pttk.pl\/wp-content\/uploads\/2024\/07\/GG-wiosna-2022-okladka-DRUK-pol-1086x1536.jpg 1086w, https:\/\/gazetagorska.pttk.pl\/wp-content\/uploads\/2024\/07\/GG-wiosna-2022-okladka-DRUK-pol-1448x2048.jpg 1448w, https:\/\/gazetagorska.pttk.pl\/wp-content\/uploads\/2024\/07\/GG-wiosna-2022-okladka-DRUK-pol-scaled.jpg 1810w\" sizes=\"auto, (max-width: 724px) 100vw, 724px\" \/><\/figure>\n<\/div>\n\n\n\n<div class=\"wp-block-column is-layout-flow wp-block-column-is-layout-flow\" style=\"flex-basis:50%\">\n<div class=\"wp-block-group has-global-padding is-layout-constrained wp-block-group-is-layout-constrained\">\n<h3 class=\"wp-block-heading\" id=\"block-92bc94ad-2d2d-45ed-b6e3-090c1a6ef6b6\">W&nbsp;numerze<\/h3>\n\n\n\n<p>CO NOWEGO W G\u00d3RACH? 4<br>Szybko, kr\u00f3tko \u2013 Marcin Bojarski, Raptularz G\u00f3rski \u2013 Janusz Konieczniak<\/p>\n\n\n\n<p>G\u00d3RSKA ROZMOWA 8<br>Lwowianie w Karpatach Wschodnich \u2013 Rozmowa z Jerzym Kap\u0142onem<\/p>\n\n\n\n<p>G\u00d3RSKI KLIMAT 16<br>Zakopane p\u0119pek \u015bwiata \u2013 Wojciech Szatkowski, Muzeum Tatrza\u0144skie<\/p>\n\n\n\n<p>G\u00d3RY I LUDZIE 24<br>Witkacy w Zakopanem \u2013 Ma\u0142gorzata Bednorz<\/p>\n\n\n\n<p>G\u00d3RY ZA MIEDZ\u0104 34<br>Zamek Bran. Historia Draculi czy rumu\u0144skiej Kr\u00f3lowej? \u2013 Stanis\u0142aw Figiel<\/p>\n\n\n\n<p>G\u00d3RY ZA MIEDZ\u0104 S\u0104SIADA 40<br>W\u0119dr\u00f3wki apeni\u0144skie. Podr\u00f3\u017c w czasach zarazy \u2013 Jacek P\u0142onczy\u0144ski<\/p>\n\n\n\n<p>KORONA EUROPY OD TY\u0141U 54<br>NAjwy\u017cszy w\u015br\u00f3d niskich \u2013 najni\u017cszy w\u015br\u00f3d wysokich. Carrantuohill \u2013 Pawe\u0142 Mi\u015bkowiec<\/p>\n\n\n\n<p>S\u0141OWACKIE SPACERY 60<br>L\u2019adonhora, kisucki (prawie) tysi\u0119cznik \u2013 Miros\u0142aw J. Bara\u0144ski<\/p>\n\n\n\n<p>G\u00d3RY NAJBLI\u017bSZE 66<br>Wie\u017ca na Wielkiej Sowie w G\u00f3rach Sowich \u2013 Tomasz Rzeczycki<\/p>\n\n\n\n<p>HISTORIA Z G\u00d3R 72<br>Jak zosta\u0107 GOPR-owcem? Egzamin wst\u0119pny \u2013 Pawe\u0142 Konieczny<\/p>\n\n\n\n<p>G\u00d3RSKA HISTORIA 76<br>G\u00f3ry i Skrzyd\u0142a \u2013 Fragment ksi\u0105\u017cki Krzysztofa Marchlewicza<\/p>\n\n\n\n<p>G\u00d3RSKI PRZEGL\u0104D WYDAWNICZY 84 <br>G\u00f3ry i Skrzyd\u0142a, G\u00f3ralska Muzyka, G\u00f3ra ksi\u0105\u017cek \u2013 Sebastian K\u0142osok<\/p>\n<\/div>\n<\/div>\n<\/div>\n\n\n\n<p id=\"block-3a2130d1-a958-4dd8-9991-3afa053bf0fa\"><\/p>\n","protected":false},"excerpt":{"rendered":"<p>Od&nbsp;redakcji Obud\u017amy si\u0119 ze snu! Zimowego snu\u2026 Budzenie i wstawanie bywa trudne i d\u0142ugotrwale, powolne. Otwierasz lewe oko,a ono na przek\u00f3r zn\u00f3w si\u0119 zamyka. Wystawiasz praw\u0105 nog\u0119 spod ko\u0142dry, a ona zzi\u0119bni\u0119ta szybciutko szuka ponownego schronienia w pieleszach. G\u0142o\u015bny d\u017awi\u0119k budzika \u015bwidruje g\u0142ow\u0119, ale zaraz zn\u00f3w sen wygrywa walk\u0119 z ha\u0142asem. Nawet zapach \u015bwie\u017co zmielonej [&hellip;]<\/p>\n","protected":false},"author":3,"featured_media":0,"parent":0,"menu_order":0,"comment_status":"closed","ping_status":"closed","template":"","meta":{"footnotes":""},"class_list":["post-707","page","type-page","status-publish","hentry"],"_links":{"self":[{"href":"https:\/\/gazetagorska.pttk.pl\/index.php\/wp-json\/wp\/v2\/pages\/707","targetHints":{"allow":["GET"]}}],"collection":[{"href":"https:\/\/gazetagorska.pttk.pl\/index.php\/wp-json\/wp\/v2\/pages"}],"about":[{"href":"https:\/\/gazetagorska.pttk.pl\/index.php\/wp-json\/wp\/v2\/types\/page"}],"author":[{"embeddable":true,"href":"https:\/\/gazetagorska.pttk.pl\/index.php\/wp-json\/wp\/v2\/users\/3"}],"replies":[{"embeddable":true,"href":"https:\/\/gazetagorska.pttk.pl\/index.php\/wp-json\/wp\/v2\/comments?post=707"}],"version-history":[{"count":1,"href":"https:\/\/gazetagorska.pttk.pl\/index.php\/wp-json\/wp\/v2\/pages\/707\/revisions"}],"predecessor-version":[{"id":711,"href":"https:\/\/gazetagorska.pttk.pl\/index.php\/wp-json\/wp\/v2\/pages\/707\/revisions\/711"}],"wp:attachment":[{"href":"https:\/\/gazetagorska.pttk.pl\/index.php\/wp-json\/wp\/v2\/media?parent=707"}],"curies":[{"name":"wp","href":"https:\/\/api.w.org\/{rel}","templated":true}]}}

Gazeta Górska nr 118 wiosna 2022

<figure class="wp-block-image size-large" id="block-7d544be1-ce9b-4c44-bee3-c3ae94c91ccf"><a href="https://gazetagorska.pttk.pl/"><img loading="lazy" decoding="async" width="1024" height="717" src="https://gazetagorska.pttk.pl/wp-content/uploads/2024/07/fota-okladkowa-m-1024x717.jpg" alt="" class="wp-image-709" srcset="https://gazetagorska.pttk.pl/wp-content/uploads/2024/07/fota-okladkowa-m-1024x717.jpg 1024w, https://gazetagorska.pttk.pl/wp-content/uploads/2024/07/fota-okladkowa-m-300x210.jpg 300w, https://gazetagorska.pttk.pl/wp-content/uploads/2024/07/fota-okladkowa-m-768x538.jpg 768w, https://gazetagorska.pttk.pl/wp-content/uploads/2024/07/fota-okladkowa-m-1536x1076.jpg 1536w, https://gazetagorska.pttk.pl/wp-content/uploads/2024/07/fota-okladkowa-m.jpg 1920w" sizes="auto, (max-width: 1024px) 100vw, 1024px" /></a></figure>



<h3 class="wp-block-heading" id="block-557e0b92-b2ea-4823-9261-1e452321ea62">Od&nbsp;redakcji</h3>



<p>Obudźmy się ze snu! Zimowego snu… Budzenie i wstawanie bywa trudne i długotrwale, powolne. Otwierasz lewe oko,<br>a ono na przekór znów się zamyka. Wystawiasz prawą nogę spod kołdry, a ona zziębnięta szybciutko szuka ponownego schronienia w pieleszach. Głośny dźwięk budzika świdruje głowę, ale zaraz znów sen wygrywa walkę z hałasem. Nawet zapach świeżo zmielonej kawy nie działa odpowiednio pobudzająco. Jak to jest? Czasem po prostu trudno wstać rano. Czasem trudno obudzić się wiośnie…<br>Ale jak już w końcu Jaśnie Pani Pani Wiosna przebudzi się łaskawie i jak buchnie swym zielono-kwietnym jestestwem, to<br>o tym, że jest śpiochem przeokropnym, szybko zapominamy i upajamy się jej nagłym nadejściem. Niech i teraz tak będzie z naszą zaspaną górską wiosną. Niech zawirowania czasowe przeniosą nas w górski nastrój lat 20. i 30. XX wieku. Niech odrobina romantyzmu i górskiego odkrywania tamtego czasu pozwoli nam spojrzeć na ówczesny górski świat trochę inaczej.<br>Zapraszamy znów w naszą papierową, górską podróż. Tym razem nie tylko w górskiej przestrzeni, ale też w czasie. Będziemy mieszać – Andy i Zakopane, Apeniny i Irlandię, Witkacego i Akara… Budzimy się!</p>



<div class="wp-block-columns is-layout-flex wp-container-core-columns-is-layout-28f84493 wp-block-columns-is-layout-flex">
<div class="wp-block-column is-layout-flow wp-block-column-is-layout-flow" style="flex-basis:50%">
<figure class="wp-block-image size-large" id="block-b9281f5f-5092-43cd-82a3-1e8e37447b6a"><img loading="lazy" decoding="async" width="724" height="1024" src="https://gazetagorska.pttk.pl/wp-content/uploads/2024/07/GG-wiosna-2022-okladka-DRUK-pol-724x1024.jpg" alt="" class="wp-image-309" srcset="https://gazetagorska.pttk.pl/wp-content/uploads/2024/07/GG-wiosna-2022-okladka-DRUK-pol-724x1024.jpg 724w, https://gazetagorska.pttk.pl/wp-content/uploads/2024/07/GG-wiosna-2022-okladka-DRUK-pol-212x300.jpg 212w, https://gazetagorska.pttk.pl/wp-content/uploads/2024/07/GG-wiosna-2022-okladka-DRUK-pol-768x1086.jpg 768w, https://gazetagorska.pttk.pl/wp-content/uploads/2024/07/GG-wiosna-2022-okladka-DRUK-pol-1086x1536.jpg 1086w, https://gazetagorska.pttk.pl/wp-content/uploads/2024/07/GG-wiosna-2022-okladka-DRUK-pol-1448x2048.jpg 1448w, https://gazetagorska.pttk.pl/wp-content/uploads/2024/07/GG-wiosna-2022-okladka-DRUK-pol-scaled.jpg 1810w" sizes="auto, (max-width: 724px) 100vw, 724px" /></figure>
</div>



<div class="wp-block-column is-layout-flow wp-block-column-is-layout-flow" style="flex-basis:50%">
<div class="wp-block-group has-global-padding is-layout-constrained wp-block-group-is-layout-constrained">
<h3 class="wp-block-heading" id="block-92bc94ad-2d2d-45ed-b6e3-090c1a6ef6b6">W&nbsp;numerze</h3>



<p>CO NOWEGO W GÓRACH? 4<br>Szybko, krótko – Marcin Bojarski, Raptularz Górski – Janusz Konieczniak</p>



<p>GÓRSKA ROZMOWA 8<br>Lwowianie w Karpatach Wschodnich – Rozmowa z Jerzym Kapłonem</p>



<p>GÓRSKI KLIMAT 16<br>Zakopane pępek świata – Wojciech Szatkowski, Muzeum Tatrzańskie</p>



<p>GÓRY I LUDZIE 24<br>Witkacy w Zakopanem – Małgorzata Bednorz</p>



<p>GÓRY ZA MIEDZĄ 34<br>Zamek Bran. Historia Draculi czy rumuńskiej Królowej? – Stanisław Figiel</p>



<p>GÓRY ZA MIEDZĄ SĄSIADA 40<br>Wędrówki apenińskie. Podróż w czasach zarazy – Jacek Płonczyński</p>



<p>KORONA EUROPY OD TYŁU 54<br>NAjwyższy wśród niskich – najniższy wśród wysokich. Carrantuohill – Paweł Miśkowiec</p>



<p>SŁOWACKIE SPACERY 60<br>L’adonhora, kisucki (prawie) tysięcznik – Mirosław J. Barański</p>



<p>GÓRY NAJBLIŻSZE 66<br>Wieża na Wielkiej Sowie w Górach Sowich – Tomasz Rzeczycki</p>



<p>HISTORIA Z GÓR 72<br>Jak zostać GOPR-owcem? Egzamin wstępny – Paweł Konieczny</p>



<p>GÓRSKA HISTORIA 76<br>Góry i Skrzydła – Fragment książki Krzysztofa Marchlewicza</p>



<p>GÓRSKI PRZEGLĄD WYDAWNICZY 84 <br>Góry i Skrzydła, Góralska Muzyka, Góra książek – Sebastian Kłosok</p>
</div>
</div>
</div>



<p id="block-3a2130d1-a958-4dd8-9991-3afa053bf0fa"></p>

<p>Od&nbsp;redakcji Obudźmy się ze snu! Zimowego snu… Budzenie i wstawanie bywa trudne i długotrwale, powolne. Otwierasz lewe oko,a ono na przekór znów się zamyka. Wystawiasz prawą nogę spod kołdry, a ona zziębnięta szybciutko szuka ponownego schronienia w pieleszach. Głośny dźwięk budzika świdruje głowę, ale zaraz znów sen wygrywa walkę z hałasem. Nawet zapach świeżo zmielonej [&hellip;]</p>
