{"id":715,"date":"2024-07-11T15:48:55","date_gmt":"2024-07-11T13:48:55","guid":{"rendered":"https:\/\/gazetagorska.pttk.pl\/?page_id=715"},"modified":"2024-07-11T15:48:55","modified_gmt":"2024-07-11T13:48:55","slug":"gazeta-gorska-nr-117-zima-2022","status":"publish","type":"page","link":"https:\/\/gazetagorska.pttk.pl\/index.php\/gazeta-gorska-nr-117-zima-2022\/","title":{"rendered":"Gazeta G\u00f3rska nr\u00a0117 zima 2022"},"content":{"rendered":"\n<figure class=\"wp-block-image size-large\"><a href=\"https:\/\/gazetagorska.pttk.pl\/\"><img loading=\"lazy\" decoding=\"async\" width=\"1024\" height=\"683\" src=\"https:\/\/gazetagorska.pttk.pl\/wp-content\/uploads\/2024\/07\/33163780175_1b1dca9d06_m-1024x683.jpg\" alt=\"\" class=\"wp-image-717\" srcset=\"https:\/\/gazetagorska.pttk.pl\/wp-content\/uploads\/2024\/07\/33163780175_1b1dca9d06_m-1024x683.jpg 1024w, https:\/\/gazetagorska.pttk.pl\/wp-content\/uploads\/2024\/07\/33163780175_1b1dca9d06_m-300x200.jpg 300w, https:\/\/gazetagorska.pttk.pl\/wp-content\/uploads\/2024\/07\/33163780175_1b1dca9d06_m-768x512.jpg 768w, https:\/\/gazetagorska.pttk.pl\/wp-content\/uploads\/2024\/07\/33163780175_1b1dca9d06_m-1536x1024.jpg 1536w, https:\/\/gazetagorska.pttk.pl\/wp-content\/uploads\/2024\/07\/33163780175_1b1dca9d06_m.jpg 1920w\" sizes=\"auto, (max-width: 1024px) 100vw, 1024px\" \/><\/a><\/figure>\n\n\n\n<h3 class=\"wp-block-heading\">Od&nbsp;redakcji<\/h3>\n\n\n\n<p>D\u0142ugo to trwa\u0142o, bardzo d\u0142ugo\u2026 Ale tak bywa, \u017ce zanim co\u015b nowego wykluje si\u0119 w pe\u0142ni, chwil\u0119 trzeba poczeka\u0107. Wyczeka\u0107. Wyt\u0119skni\u0107. W tym sezonie d\u0142ugo czekali\u015bmy na prawdziw\u0105 zim\u0119. Bardzo d\u0142ugo te\u017c kazali\u015bmy czeka\u0107 na nasz\u0105 g\u00f3rsko-papierow\u0105 wersj\u0119 tej zimnej i \u015bnie\u017cnej pory roku. Czy to by\u0142o nu\u017c\u0105co-zniecierpliwione czekanie, czy ekscytuj\u0105co-niecierpliwe? Zapewne bywa\u0142o r\u00f3\u017cnie\u2026 Jednak jeste\u015bmy! Wracamy, budzimy si\u0119 z zimowego snu, wy\u0142azimy z naszej wydawniczej gawry. Wyspani, pe\u0142ni zapa\u0142u do dzia\u0142ania z od\u015bwie\u017conym spojrzeniem na przestrze\u0144, na g\u00f3ry\u2026<br>Mamy dla Pa\u0144stwa g\u00f3ry na papierze w troch\u0119 zmienionej formie i tre\u015bci. Troch\u0119 nowe, troch\u0119 wi\u0119ksze, troch\u0119 inne. Zapraszamy zatem na delikatnie odmienione \u0142amy Gazety G\u00f3rskiej. Zanurzamy si\u0119 w g\u00f3ry nam najbli\u017csze, cho\u0107 rozlegle ogromne. Karpaty. Te tu zaraz, pod domem, na niedzielny spacer i te tam daleko, za jedna, drug\u0105 granic\u0105, te dzikie<br>i te teraz niedost\u0119pne\u2026 Spr\u00f3bujmy sobie zdefiniowa\u0107 w\u0142asn\u0105 karpacko\u015b\u0107! \u015awiat w mi\u0119dzyczasie sta\u0142 si\u0119 inny, my zmienili\u015bmy si\u0119 tylko odrobin\u0119, a g\u00f3ry pozostaj\u0105 niezmienne. I cho\u0107 zmiana zazwyczaj daje nadzieje na lepsze, to te\u017c wprowadza ziarnko og\u00f3lnej niepewno\u015bci. Nie \u017cyczymy kolejnych rewolucji, tylko tej dobrej, g\u00f3rskiej sta\u0142o\u015bci!<\/p>\n\n\n\n<div class=\"wp-block-columns is-layout-flex wp-container-core-columns-is-layout-28f84493 wp-block-columns-is-layout-flex\">\n<div class=\"wp-block-column is-layout-flow wp-block-column-is-layout-flow\" style=\"flex-basis:50%\">\n<figure class=\"wp-block-image size-large\"><img loading=\"lazy\" decoding=\"async\" width=\"719\" height=\"1024\" src=\"https:\/\/gazetagorska.pttk.pl\/wp-content\/uploads\/2024\/07\/GG-zima-2022-okladka-DRUK-719x1024.jpg\" alt=\"\" class=\"wp-image-311\" srcset=\"https:\/\/gazetagorska.pttk.pl\/wp-content\/uploads\/2024\/07\/GG-zima-2022-okladka-DRUK-719x1024.jpg 719w, https:\/\/gazetagorska.pttk.pl\/wp-content\/uploads\/2024\/07\/GG-zima-2022-okladka-DRUK-211x300.jpg 211w, https:\/\/gazetagorska.pttk.pl\/wp-content\/uploads\/2024\/07\/GG-zima-2022-okladka-DRUK-768x1094.jpg 768w, https:\/\/gazetagorska.pttk.pl\/wp-content\/uploads\/2024\/07\/GG-zima-2022-okladka-DRUK-1079x1536.jpg 1079w, https:\/\/gazetagorska.pttk.pl\/wp-content\/uploads\/2024\/07\/GG-zima-2022-okladka-DRUK-1438x2048.jpg 1438w, https:\/\/gazetagorska.pttk.pl\/wp-content\/uploads\/2024\/07\/GG-zima-2022-okladka-DRUK-scaled.jpg 1798w\" sizes=\"auto, (max-width: 719px) 100vw, 719px\" \/><\/figure>\n<\/div>\n\n\n\n<div class=\"wp-block-column is-layout-flow wp-block-column-is-layout-flow\" style=\"flex-basis:50%\">\n<div class=\"wp-block-group has-global-padding is-layout-constrained wp-block-group-is-layout-constrained\">\n<h3 class=\"wp-block-heading\">W&nbsp;numerze<\/h3>\n\n\n\n<p>CO NOWEGO W G\u00d3RACH? 4<br>Szybko, kr\u00f3tko \u2013 Marcin Bojarski, Raptularz G\u00f3rski \u2013 Janusz Konieczniak<\/p>\n\n\n\n<p>NASZE G\u00d3RY 8<br>Nowy podzia\u0142 regionalny Karpat \u2013 Jaros\u0142aw Balon<\/p>\n\n\n\n<p>G\u00d3RSKA ROZMOWA 16<br>Przej\u015bcie \u0141uku Karpat \u2013 Rozmowa z Adrianem Dudziakiem<\/p>\n\n\n\n<p>G\u00d3RY ZA MIEDZ\u0104 30<br>W G\u00f3rach Rodnia\u0144skich, czyli spotkania pod Pietrosulem \u2013 Jacek P\u0142onczy\u0144ski<\/p>\n\n\n\n<p>G\u00d3RY ZA INN\u0104 MIEDZ\u0104 40<br>Skarby Toroiagi Karpaty Marmaroskie \u2013 Jacek P\u0142onczy\u0144ski<\/p>\n\n\n\n<p>S\u0141OWACKIE SPACERY 50<br>Ze wschodu na zach\u00f3d przez Horn\u00fd vrch \u2013 Miros\u0142aw J. Bara\u0144ski<\/p>\n\n\n\n<p>DAWNA G\u00d3RSKA HISTORIA 56<br>Historia zapisana w ziemi, czyli Karpaty Zachodnie<br>we wczesnej epoce \u017celaza \u2013 Joanna A. Markiewicz<\/p>\n\n\n\n<p>HISTORIA Z G\u00d3R 68<br>70 lat G\u00f3rskiego Ochotniczego Pogotowia Ratunkowego \u2013 Pawe\u0142 Konieczny<\/p>\n\n\n\n<p>G\u00d3RY BLI\u017bSZE 72<br>\u015aladami wyrypiarzy KTN \u2013 Wojciech Szatkowski,<\/p>\n\n\n\n<p>G\u00d3RY NIEKARPACKIE 80<br>Kopalnia kwarcu Stanis\u0142aw w G\u00f3rach Izerskich \u2013 Tomasz Rzeczycki<\/p>\n\n\n\n<p>G\u00d3RSKI PRZEGL\u0104D WYDAWNICZY 86 <br>G\u00f3ra ksi\u0105\u017cek \u2013 Sebastian K\u0142osok<\/p>\n\n\n\n<p><\/p>\n<\/div>\n<\/div>\n<\/div>\n","protected":false},"excerpt":{"rendered":"<p>Od&nbsp;redakcji D\u0142ugo to trwa\u0142o, bardzo d\u0142ugo\u2026 Ale tak bywa, \u017ce zanim co\u015b nowego wykluje si\u0119 w pe\u0142ni, chwil\u0119 trzeba poczeka\u0107. Wyczeka\u0107. Wyt\u0119skni\u0107. W tym sezonie d\u0142ugo czekali\u015bmy na prawdziw\u0105 zim\u0119. Bardzo d\u0142ugo te\u017c kazali\u015bmy czeka\u0107 na nasz\u0105 g\u00f3rsko-papierow\u0105 wersj\u0119 tej zimnej i \u015bnie\u017cnej pory roku. Czy to by\u0142o nu\u017c\u0105co-zniecierpliwione czekanie, czy ekscytuj\u0105co-niecierpliwe? Zapewne bywa\u0142o r\u00f3\u017cnie\u2026 [&hellip;]<\/p>\n","protected":false},"author":3,"featured_media":0,"parent":0,"menu_order":0,"comment_status":"closed","ping_status":"closed","template":"","meta":{"footnotes":""},"class_list":["post-715","page","type-page","status-publish","hentry"],"_links":{"self":[{"href":"https:\/\/gazetagorska.pttk.pl\/index.php\/wp-json\/wp\/v2\/pages\/715","targetHints":{"allow":["GET"]}}],"collection":[{"href":"https:\/\/gazetagorska.pttk.pl\/index.php\/wp-json\/wp\/v2\/pages"}],"about":[{"href":"https:\/\/gazetagorska.pttk.pl\/index.php\/wp-json\/wp\/v2\/types\/page"}],"author":[{"embeddable":true,"href":"https:\/\/gazetagorska.pttk.pl\/index.php\/wp-json\/wp\/v2\/users\/3"}],"replies":[{"embeddable":true,"href":"https:\/\/gazetagorska.pttk.pl\/index.php\/wp-json\/wp\/v2\/comments?post=715"}],"version-history":[{"count":1,"href":"https:\/\/gazetagorska.pttk.pl\/index.php\/wp-json\/wp\/v2\/pages\/715\/revisions"}],"predecessor-version":[{"id":719,"href":"https:\/\/gazetagorska.pttk.pl\/index.php\/wp-json\/wp\/v2\/pages\/715\/revisions\/719"}],"wp:attachment":[{"href":"https:\/\/gazetagorska.pttk.pl\/index.php\/wp-json\/wp\/v2\/media?parent=715"}],"curies":[{"name":"wp","href":"https:\/\/api.w.org\/{rel}","templated":true}]}}

Gazeta Górska nr 117 zima 2022

<figure class="wp-block-image size-large"><a href="https://gazetagorska.pttk.pl/"><img loading="lazy" decoding="async" width="1024" height="683" src="https://gazetagorska.pttk.pl/wp-content/uploads/2024/07/33163780175_1b1dca9d06_m-1024x683.jpg" alt="" class="wp-image-717" srcset="https://gazetagorska.pttk.pl/wp-content/uploads/2024/07/33163780175_1b1dca9d06_m-1024x683.jpg 1024w, https://gazetagorska.pttk.pl/wp-content/uploads/2024/07/33163780175_1b1dca9d06_m-300x200.jpg 300w, https://gazetagorska.pttk.pl/wp-content/uploads/2024/07/33163780175_1b1dca9d06_m-768x512.jpg 768w, https://gazetagorska.pttk.pl/wp-content/uploads/2024/07/33163780175_1b1dca9d06_m-1536x1024.jpg 1536w, https://gazetagorska.pttk.pl/wp-content/uploads/2024/07/33163780175_1b1dca9d06_m.jpg 1920w" sizes="auto, (max-width: 1024px) 100vw, 1024px" /></a></figure>



<h3 class="wp-block-heading">Od&nbsp;redakcji</h3>



<p>Długo to trwało, bardzo długo… Ale tak bywa, że zanim coś nowego wykluje się w pełni, chwilę trzeba poczekać. Wyczekać. Wytęsknić. W tym sezonie długo czekaliśmy na prawdziwą zimę. Bardzo długo też kazaliśmy czekać na naszą górsko-papierową wersję tej zimnej i śnieżnej pory roku. Czy to było nużąco-zniecierpliwione czekanie, czy ekscytująco-niecierpliwe? Zapewne bywało różnie… Jednak jesteśmy! Wracamy, budzimy się z zimowego snu, wyłazimy z naszej wydawniczej gawry. Wyspani, pełni zapału do działania z odświeżonym spojrzeniem na przestrzeń, na góry…<br>Mamy dla Państwa góry na papierze w trochę zmienionej formie i treści. Trochę nowe, trochę większe, trochę inne. Zapraszamy zatem na delikatnie odmienione łamy Gazety Górskiej. Zanurzamy się w góry nam najbliższe, choć rozlegle ogromne. Karpaty. Te tu zaraz, pod domem, na niedzielny spacer i te tam daleko, za jedna, drugą granicą, te dzikie<br>i te teraz niedostępne… Spróbujmy sobie zdefiniować własną karpackość! Świat w międzyczasie stał się inny, my zmieniliśmy się tylko odrobinę, a góry pozostają niezmienne. I choć zmiana zazwyczaj daje nadzieje na lepsze, to też wprowadza ziarnko ogólnej niepewności. Nie życzymy kolejnych rewolucji, tylko tej dobrej, górskiej stałości!</p>



<div class="wp-block-columns is-layout-flex wp-container-core-columns-is-layout-28f84493 wp-block-columns-is-layout-flex">
<div class="wp-block-column is-layout-flow wp-block-column-is-layout-flow" style="flex-basis:50%">
<figure class="wp-block-image size-large"><img loading="lazy" decoding="async" width="719" height="1024" src="https://gazetagorska.pttk.pl/wp-content/uploads/2024/07/GG-zima-2022-okladka-DRUK-719x1024.jpg" alt="" class="wp-image-311" srcset="https://gazetagorska.pttk.pl/wp-content/uploads/2024/07/GG-zima-2022-okladka-DRUK-719x1024.jpg 719w, https://gazetagorska.pttk.pl/wp-content/uploads/2024/07/GG-zima-2022-okladka-DRUK-211x300.jpg 211w, https://gazetagorska.pttk.pl/wp-content/uploads/2024/07/GG-zima-2022-okladka-DRUK-768x1094.jpg 768w, https://gazetagorska.pttk.pl/wp-content/uploads/2024/07/GG-zima-2022-okladka-DRUK-1079x1536.jpg 1079w, https://gazetagorska.pttk.pl/wp-content/uploads/2024/07/GG-zima-2022-okladka-DRUK-1438x2048.jpg 1438w, https://gazetagorska.pttk.pl/wp-content/uploads/2024/07/GG-zima-2022-okladka-DRUK-scaled.jpg 1798w" sizes="auto, (max-width: 719px) 100vw, 719px" /></figure>
</div>



<div class="wp-block-column is-layout-flow wp-block-column-is-layout-flow" style="flex-basis:50%">
<div class="wp-block-group has-global-padding is-layout-constrained wp-block-group-is-layout-constrained">
<h3 class="wp-block-heading">W&nbsp;numerze</h3>



<p>CO NOWEGO W GÓRACH? 4<br>Szybko, krótko – Marcin Bojarski, Raptularz Górski – Janusz Konieczniak</p>



<p>NASZE GÓRY 8<br>Nowy podział regionalny Karpat – Jarosław Balon</p>



<p>GÓRSKA ROZMOWA 16<br>Przejście Łuku Karpat – Rozmowa z Adrianem Dudziakiem</p>



<p>GÓRY ZA MIEDZĄ 30<br>W Górach Rodniańskich, czyli spotkania pod Pietrosulem – Jacek Płonczyński</p>



<p>GÓRY ZA INNĄ MIEDZĄ 40<br>Skarby Toroiagi Karpaty Marmaroskie – Jacek Płonczyński</p>



<p>SŁOWACKIE SPACERY 50<br>Ze wschodu na zachód przez Horný vrch – Mirosław J. Barański</p>



<p>DAWNA GÓRSKA HISTORIA 56<br>Historia zapisana w ziemi, czyli Karpaty Zachodnie<br>we wczesnej epoce żelaza – Joanna A. Markiewicz</p>



<p>HISTORIA Z GÓR 68<br>70 lat Górskiego Ochotniczego Pogotowia Ratunkowego – Paweł Konieczny</p>



<p>GÓRY BLIŻSZE 72<br>Śladami wyrypiarzy KTN – Wojciech Szatkowski,</p>



<p>GÓRY NIEKARPACKIE 80<br>Kopalnia kwarcu Stanisław w Górach Izerskich – Tomasz Rzeczycki</p>



<p>GÓRSKI PRZEGLĄD WYDAWNICZY 86 <br>Góra książek – Sebastian Kłosok</p>



<p></p>
</div>
</div>
</div>

<p>Od&nbsp;redakcji Długo to trwało, bardzo długo… Ale tak bywa, że zanim coś nowego wykluje się w pełni, chwilę trzeba poczekać. Wyczekać. Wytęsknić. W tym sezonie długo czekaliśmy na prawdziwą zimę. Bardzo długo też kazaliśmy czekać na naszą górsko-papierową wersję tej zimnej i śnieżnej pory roku. Czy to było nużąco-zniecierpliwione czekanie, czy ekscytująco-niecierpliwe? Zapewne bywało różnie… [&hellip;]</p>
