{"id":905,"date":"2025-02-21T12:52:17","date_gmt":"2025-02-21T11:52:17","guid":{"rendered":"https:\/\/gazetagorska.pttk.pl\/?page_id=905"},"modified":"2025-02-21T12:52:17","modified_gmt":"2025-02-21T11:52:17","slug":"gazeta-gorska-nr-128-2024","status":"publish","type":"page","link":"https:\/\/gazetagorska.pttk.pl\/index.php\/gazeta-gorska-nr-128-2024\/","title":{"rendered":"Gazeta G\u00f3rska nr\u00a0128 2024"},"content":{"rendered":"\n<figure class=\"wp-block-image size-large\" id=\"block-55743330-2317-4d7d-ac66-aab36ca5e5a1\"><img loading=\"lazy\" decoding=\"async\" width=\"1024\" height=\"646\" src=\"https:\/\/gazetagorska.pttk.pl\/wp-content\/uploads\/2024\/07\/kladka-lustro-1024x646.jpg\" alt=\"\" class=\"wp-image-885\" srcset=\"https:\/\/gazetagorska.pttk.pl\/wp-content\/uploads\/2024\/07\/kladka-lustro-1024x646.jpg 1024w, https:\/\/gazetagorska.pttk.pl\/wp-content\/uploads\/2024\/07\/kladka-lustro-300x189.jpg 300w, https:\/\/gazetagorska.pttk.pl\/wp-content\/uploads\/2024\/07\/kladka-lustro-768x484.jpg 768w, https:\/\/gazetagorska.pttk.pl\/wp-content\/uploads\/2024\/07\/kladka-lustro-1536x969.jpg 1536w, https:\/\/gazetagorska.pttk.pl\/wp-content\/uploads\/2024\/07\/kladka-lustro.jpg 1920w\" sizes=\"auto, (max-width: 1024px) 100vw, 1024px\" \/><\/figure>\n\n\n\n<h3 class=\"wp-block-heading\" id=\"block-0051bfc6-2b1b-4e1a-bc2d-5cda53067db3\">Od redakcji<\/h3>\n\n\n\n<p id=\"block-99167873-4318-4615-b983-b12943acfea1\">Wyje\u017cd\u017camy daleko! Bo gdzie\u015b ci\u0105gle t\u0119sknimy za egzotycznymi g\u00f3rami, podr\u00f3\u017cami w nieznane. W formie tekstowo-papierowej zaspokajamy w tym numerze t\u0105 t\u0119sknot\u0119 z nawi\u0105zk\u0105. Mo\u017ce to b\u0119dzie inspiracj\u0105 dla kogo\u015b do realnego wyjazdu? Mamy nadziej\u0119, liczymy na to bardzo, bo po to o tych wszystkich pi\u0119knych g\u00f3rach piszemy, \u017ceby wysy\u0142a\u0107 Was, drodzy Czytelnicy, w \u015bwiat! W g\u00f3rski \u015bwiat! Kontynuujemy zachwyt g\u00f3rami i pustyni\u0105 Maroka, eksplorujemy gruzi\u0144ski Kazbek, grecki Olimp i zagl\u0105damy za Chi\u0144sku Mur, by popatrze\u0107 na g\u00f3ry, kt\u00f3re przecina. Ale te\u017c gubimy si\u0119 gdzie\u015b na pograniczy Beskidu Niskiego i Bieszczad\u00f3w, czytamy \u201ePrzygody Kozio\u0142ka Mato\u0142ka\u201d i\u2026 Kornela Makuszy\u0144skiego, a w mi\u0119dzy czasie idziemy na \u201es\u0142owacki spacer\u201d, bo dawno tam nie byli\u015bmy i czas w te bardzo interesuj\u0105ce, a do\u015b\u0107 bliskie g\u00f3ry naszych s\u0105siad\u00f3w<br>wr\u00f3ci\u0107! Zatem byle do g\u00f3ry! Byle w g\u00f3ry! Jak najpr\u0119dzej! Jak najwi\u0119cej! Dobry czas! Dobra pogoda! Nieustaj\u0105co polecamy i zach\u0119camy! A je\u015bli cho\u0107 troch\u0119 zainspirujemy, to b\u0119dzie nam wielce mi\u0142o!<\/p>\n\n\n\n<figure class=\"wp-block-image size-large\" id=\"block-4524a194-a78c-4c52-9449-e01296d5bda9\"><img loading=\"lazy\" decoding=\"async\" width=\"722\" height=\"1024\" src=\"https:\/\/gazetagorska.pttk.pl\/wp-content\/uploads\/2024\/07\/GG127-okladka-DRUK2-722x1024.jpg\" alt=\"\" class=\"wp-image-891\" srcset=\"https:\/\/gazetagorska.pttk.pl\/wp-content\/uploads\/2024\/07\/GG127-okladka-DRUK2-722x1024.jpg 722w, https:\/\/gazetagorska.pttk.pl\/wp-content\/uploads\/2024\/07\/GG127-okladka-DRUK2-212x300.jpg 212w, https:\/\/gazetagorska.pttk.pl\/wp-content\/uploads\/2024\/07\/GG127-okladka-DRUK2-768x1089.jpg 768w, https:\/\/gazetagorska.pttk.pl\/wp-content\/uploads\/2024\/07\/GG127-okladka-DRUK2-1083x1536.jpg 1083w, https:\/\/gazetagorska.pttk.pl\/wp-content\/uploads\/2024\/07\/GG127-okladka-DRUK2-1444x2048.jpg 1444w, https:\/\/gazetagorska.pttk.pl\/wp-content\/uploads\/2024\/07\/GG127-okladka-DRUK2-scaled.jpg 1805w\" sizes=\"auto, (max-width: 722px) 100vw, 722px\" \/><\/figure>\n\n\n\n<h3 class=\"wp-block-heading\" id=\"block-c9736b10-2952-4471-ad7e-9af0ab1fc11f\">W numerze<\/h3>\n\n\n\n<p id=\"block-efccf7f9-0382-46d0-af3b-d5b40cdaba35\">CO NOWEGO W G\u00d3RACH? 4<br>Szybko, kr\u00f3tko \u2013 Marcin Bojarski, Raptularz G\u00f3rski \u2013 Janusz Konieczniak<\/p>\n\n\n\n<p>G\u00d3RY ZA MIEDZ\u0104 S\u0104SIADA 8<br>Z Sahary przez Jbel Saghro nad Atlantyk \u2013 Jacek P\u0142onczy\u0144ski<\/p>\n\n\n\n<p>G\u00d3RY ZA MIEDZ\u0104 S\u0104SIADA 20<br>Mityczny Olimp przyci\u0105ga i hipnotyzuje \u2013 Kazimierz Kisielew, Jerzy Olak<\/p>\n\n\n\n<p>G\u00d3RY I W\u0118DR\u00d3WKA 28<br>GR20 Wielka W\u0119dr\u00f3wka przez Korsyk\u0119 \u2013 Olena Bondarenko<\/p>\n\n\n\n<p>G\u00d3RY WYSOKIE 36<br>Na kaukaskim szlaku Kazbek \u2013 Anna Kryszczak<\/p>\n\n\n\n<p>G\u00d3RY I HISTORIA 42<br>W cieniu Wielkiego Muru \u2013 Anna Kryszczak<\/p>\n\n\n\n<p>G\u00d3RY BLISKIE 48<br>Stra\u017cnik Zube\u0144ska\u2026 \u2013 Wojciech Szatkowski, Muzeum Tatrza\u0144skie<\/p>\n\n\n\n<p>G\u00d3RY I MIASTA 52<br>P\u0142owdiw miasto na 7 wzg\u00f3rzach \u2013 Piotr Siwek<\/p>\n\n\n\n<p>G\u00d3RY I HISTORIA 58 Wie\u017ca widokowa na Wie\u017cycy w Masywie \u015al\u0119\u017cy \u2013 Tomasz Rzeczycki<\/p>\n\n\n\n<p>G\u00d3RY I LUDZIE 62 Kornel Makuszy\u0144ski w Zakopanem \u2013 Ma\u0142gorzata Bednorz<\/p>\n\n\n\n<p>S\u0141OWACKI SPACER 70<br>Kto jad\u0142 obiad na Z\u0142otym Stole? A kto \u015bniadanie pod Z\u0142otym Sto\u0142em? \u2013 Miros\u0142aw J. Bara\u0144ski<\/p>\n\n\n\n<p>G\u00d3RY I KULTURA 78<br>W Himalajach odnale\u017ali wolno\u015b\u0107 \u2013 Adam Pacze\u015bniak<\/p>\n\n\n\n<p>W G\u00d3RY I KSI\u0104\u017bKI 82<br>O ksi\u0105\u017cce \u201eKorporacja Everest\u201d, czyli inny punkt widzenia \u2013 Jacek P\u0142onczy\u0144ski<\/p>\n\n\n\n<p id=\"block-d1160f05-b53e-4132-82a7-b328f19a42d8\">G\u00d3RSKI PRZEGL\u0104D WYDAWNICZY 84 <br>G\u00f3ra ksi\u0105\u017cek \u2013 Sebastian K\u0142osok<\/p>\n\n\n\n<p><\/p>\n","protected":false},"excerpt":{"rendered":"<p>Od redakcji Wyje\u017cd\u017camy daleko! Bo gdzie\u015b ci\u0105gle t\u0119sknimy za egzotycznymi g\u00f3rami, podr\u00f3\u017cami w nieznane. W formie tekstowo-papierowej zaspokajamy w tym numerze t\u0105 t\u0119sknot\u0119 z nawi\u0105zk\u0105. Mo\u017ce to b\u0119dzie inspiracj\u0105 dla kogo\u015b do realnego wyjazdu? Mamy nadziej\u0119, liczymy na to bardzo, bo po to o tych wszystkich pi\u0119knych g\u00f3rach piszemy, \u017ceby wysy\u0142a\u0107 Was, drodzy Czytelnicy, w [&hellip;]<\/p>\n","protected":false},"author":3,"featured_media":0,"parent":0,"menu_order":0,"comment_status":"closed","ping_status":"closed","template":"","meta":{"footnotes":""},"class_list":["post-905","page","type-page","status-publish","hentry"],"_links":{"self":[{"href":"https:\/\/gazetagorska.pttk.pl\/index.php\/wp-json\/wp\/v2\/pages\/905","targetHints":{"allow":["GET"]}}],"collection":[{"href":"https:\/\/gazetagorska.pttk.pl\/index.php\/wp-json\/wp\/v2\/pages"}],"about":[{"href":"https:\/\/gazetagorska.pttk.pl\/index.php\/wp-json\/wp\/v2\/types\/page"}],"author":[{"embeddable":true,"href":"https:\/\/gazetagorska.pttk.pl\/index.php\/wp-json\/wp\/v2\/users\/3"}],"replies":[{"embeddable":true,"href":"https:\/\/gazetagorska.pttk.pl\/index.php\/wp-json\/wp\/v2\/comments?post=905"}],"version-history":[{"count":1,"href":"https:\/\/gazetagorska.pttk.pl\/index.php\/wp-json\/wp\/v2\/pages\/905\/revisions"}],"predecessor-version":[{"id":907,"href":"https:\/\/gazetagorska.pttk.pl\/index.php\/wp-json\/wp\/v2\/pages\/905\/revisions\/907"}],"wp:attachment":[{"href":"https:\/\/gazetagorska.pttk.pl\/index.php\/wp-json\/wp\/v2\/media?parent=905"}],"curies":[{"name":"wp","href":"https:\/\/api.w.org\/{rel}","templated":true}]}}

Gazeta Górska nr 128 2024

<figure class="wp-block-image size-large" id="block-55743330-2317-4d7d-ac66-aab36ca5e5a1"><img loading="lazy" decoding="async" width="1024" height="646" src="https://gazetagorska.pttk.pl/wp-content/uploads/2024/07/kladka-lustro-1024x646.jpg" alt="" class="wp-image-885" srcset="https://gazetagorska.pttk.pl/wp-content/uploads/2024/07/kladka-lustro-1024x646.jpg 1024w, https://gazetagorska.pttk.pl/wp-content/uploads/2024/07/kladka-lustro-300x189.jpg 300w, https://gazetagorska.pttk.pl/wp-content/uploads/2024/07/kladka-lustro-768x484.jpg 768w, https://gazetagorska.pttk.pl/wp-content/uploads/2024/07/kladka-lustro-1536x969.jpg 1536w, https://gazetagorska.pttk.pl/wp-content/uploads/2024/07/kladka-lustro.jpg 1920w" sizes="auto, (max-width: 1024px) 100vw, 1024px" /></figure>



<h3 class="wp-block-heading" id="block-0051bfc6-2b1b-4e1a-bc2d-5cda53067db3">Od redakcji</h3>



<p id="block-99167873-4318-4615-b983-b12943acfea1">Wyjeżdżamy daleko! Bo gdzieś ciągle tęsknimy za egzotycznymi górami, podróżami w nieznane. W formie tekstowo-papierowej zaspokajamy w tym numerze tą tęsknotę z nawiązką. Może to będzie inspiracją dla kogoś do realnego wyjazdu? Mamy nadzieję, liczymy na to bardzo, bo po to o tych wszystkich pięknych górach piszemy, żeby wysyłać Was, drodzy Czytelnicy, w świat! W górski świat! Kontynuujemy zachwyt górami i pustynią Maroka, eksplorujemy gruziński Kazbek, grecki Olimp i zaglądamy za Chińsku Mur, by popatrzeć na góry, które przecina. Ale też gubimy się gdzieś na pograniczy Beskidu Niskiego i Bieszczadów, czytamy „Przygody Koziołka Matołka” i… Kornela Makuszyńskiego, a w między czasie idziemy na „słowacki spacer”, bo dawno tam nie byliśmy i czas w te bardzo interesujące, a dość bliskie góry naszych sąsiadów<br>wrócić! Zatem byle do góry! Byle w góry! Jak najprędzej! Jak najwięcej! Dobry czas! Dobra pogoda! Nieustająco polecamy i zachęcamy! A jeśli choć trochę zainspirujemy, to będzie nam wielce miło!</p>



<figure class="wp-block-image size-large" id="block-4524a194-a78c-4c52-9449-e01296d5bda9"><img loading="lazy" decoding="async" width="722" height="1024" src="https://gazetagorska.pttk.pl/wp-content/uploads/2024/07/GG127-okladka-DRUK2-722x1024.jpg" alt="" class="wp-image-891" srcset="https://gazetagorska.pttk.pl/wp-content/uploads/2024/07/GG127-okladka-DRUK2-722x1024.jpg 722w, https://gazetagorska.pttk.pl/wp-content/uploads/2024/07/GG127-okladka-DRUK2-212x300.jpg 212w, https://gazetagorska.pttk.pl/wp-content/uploads/2024/07/GG127-okladka-DRUK2-768x1089.jpg 768w, https://gazetagorska.pttk.pl/wp-content/uploads/2024/07/GG127-okladka-DRUK2-1083x1536.jpg 1083w, https://gazetagorska.pttk.pl/wp-content/uploads/2024/07/GG127-okladka-DRUK2-1444x2048.jpg 1444w, https://gazetagorska.pttk.pl/wp-content/uploads/2024/07/GG127-okladka-DRUK2-scaled.jpg 1805w" sizes="auto, (max-width: 722px) 100vw, 722px" /></figure>



<h3 class="wp-block-heading" id="block-c9736b10-2952-4471-ad7e-9af0ab1fc11f">W numerze</h3>



<p id="block-efccf7f9-0382-46d0-af3b-d5b40cdaba35">CO NOWEGO W GÓRACH? 4<br>Szybko, krótko – Marcin Bojarski, Raptularz Górski – Janusz Konieczniak</p>



<p>GÓRY ZA MIEDZĄ SĄSIADA 8<br>Z Sahary przez Jbel Saghro nad Atlantyk – Jacek Płonczyński</p>



<p>GÓRY ZA MIEDZĄ SĄSIADA 20<br>Mityczny Olimp przyciąga i hipnotyzuje – Kazimierz Kisielew, Jerzy Olak</p>



<p>GÓRY I WĘDRÓWKA 28<br>GR20 Wielka Wędrówka przez Korsykę – Olena Bondarenko</p>



<p>GÓRY WYSOKIE 36<br>Na kaukaskim szlaku Kazbek – Anna Kryszczak</p>



<p>GÓRY I HISTORIA 42<br>W cieniu Wielkiego Muru – Anna Kryszczak</p>



<p>GÓRY BLISKIE 48<br>Strażnik Zubeńska… – Wojciech Szatkowski, Muzeum Tatrzańskie</p>



<p>GÓRY I MIASTA 52<br>Płowdiw miasto na 7 wzgórzach – Piotr Siwek</p>



<p>GÓRY I HISTORIA 58 Wieża widokowa na Wieżycy w Masywie Ślęży – Tomasz Rzeczycki</p>



<p>GÓRY I LUDZIE 62 Kornel Makuszyński w Zakopanem – Małgorzata Bednorz</p>



<p>SŁOWACKI SPACER 70<br>Kto jadł obiad na Złotym Stole? A kto śniadanie pod Złotym Stołem? – Mirosław J. Barański</p>



<p>GÓRY I KULTURA 78<br>W Himalajach odnaleźli wolność – Adam Pacześniak</p>



<p>W GÓRY I KSIĄŻKI 82<br>O książce „Korporacja Everest”, czyli inny punkt widzenia – Jacek Płonczyński</p>



<p id="block-d1160f05-b53e-4132-82a7-b328f19a42d8">GÓRSKI PRZEGLĄD WYDAWNICZY 84 <br>Góra książek – Sebastian Kłosok</p>



<p></p>

<p>Od redakcji Wyjeżdżamy daleko! Bo gdzieś ciągle tęsknimy za egzotycznymi górami, podróżami w nieznane. W formie tekstowo-papierowej zaspokajamy w tym numerze tą tęsknotę z nawiązką. Może to będzie inspiracją dla kogoś do realnego wyjazdu? Mamy nadzieję, liczymy na to bardzo, bo po to o tych wszystkich pięknych górach piszemy, żeby wysyłać Was, drodzy Czytelnicy, w [&hellip;]</p>
