{"id":992,"date":"2026-01-08T16:06:31","date_gmt":"2026-01-08T15:06:31","guid":{"rendered":"https:\/\/gazetagorska.pttk.pl\/?page_id=992"},"modified":"2026-01-08T16:06:31","modified_gmt":"2026-01-08T15:06:31","slug":"gazeta-gorska-nr-130-2025","status":"publish","type":"page","link":"https:\/\/gazetagorska.pttk.pl\/index.php\/gazeta-gorska-nr-130-2025\/","title":{"rendered":"Gazeta G\u00f3rska nr\u00a0130 2025"},"content":{"rendered":"\n<figure class=\"wp-block-image size-large\" id=\"block-55743330-2317-4d7d-ac66-aab36ca5e5a1\"><img loading=\"lazy\" decoding=\"async\" width=\"1024\" height=\"683\" src=\"https:\/\/gazetagorska.pttk.pl\/wp-content\/uploads\/2026\/01\/53052888398_72a0d4053c_o-1024x683.jpg\" alt=\"\" class=\"wp-image-993\" srcset=\"https:\/\/gazetagorska.pttk.pl\/wp-content\/uploads\/2026\/01\/53052888398_72a0d4053c_o-1024x683.jpg 1024w, https:\/\/gazetagorska.pttk.pl\/wp-content\/uploads\/2026\/01\/53052888398_72a0d4053c_o-300x200.jpg 300w, https:\/\/gazetagorska.pttk.pl\/wp-content\/uploads\/2026\/01\/53052888398_72a0d4053c_o-768x512.jpg 768w, https:\/\/gazetagorska.pttk.pl\/wp-content\/uploads\/2026\/01\/53052888398_72a0d4053c_o-1536x1024.jpg 1536w, https:\/\/gazetagorska.pttk.pl\/wp-content\/uploads\/2026\/01\/53052888398_72a0d4053c_o.jpg 1920w\" sizes=\"auto, (max-width: 1024px) 100vw, 1024px\" \/><\/figure>\n\n\n\n<h3 class=\"wp-block-heading\" id=\"block-0051bfc6-2b1b-4e1a-bc2d-5cda53067db3\">Od redakcji<\/h3>\n\n\n\n<p id=\"block-99167873-4318-4615-b983-b12943acfea1\">Podr\u00f3\u017cujemy w g\u00f3ry nieustaj\u0105co! Wci\u0105\u017c ma\u0142o! Wci\u0105\u017c przychodzi nam do g\u0142owy kolejny pomys\u0142, wci\u0105\u017c kalendarz p\u0119ka w szwach, wci\u0105\u017c nie ma wolnego weekendu na kolejn\u0105 wycieczk\u0119! Wci\u0105\u017c m\u00f3wimy: Tak, ale kiedy? Tak, ale kiedy\u015b? To dobrze czy \u017ale? Czy to fajnie mie\u0107 milion plan\u00f3w i pomys\u0142\u00f3w na przysz\u0142o\u015b\u0107? Czy to dobrze podporz\u0105dkowywa\u0107 ca\u0142y kalendarz pod kolejne wyjazdy? Bo przecie\u017c eksploracja g\u00f3r wszelkich jest najwa\u017cniejsza! R\u00f3\u017cnie bywa, ale je\u015bli tylko mamy mo\u017cliwo\u015bci w g\u00f3ry je\u017adzi\u0107, to r\u00f3bmy to ile si\u0119 da! Po pracy na zach\u00f3d s\u0142o\u0144ca na pobliskie wg\u00f3rze, na weeken w Beskidy lub Sudety, na d\u0142ugi weekend w g\u00f3ry S\u0142owacji czy Czech, a na urlop gdzie oczy, nogi i mapa ponios\u0105! nawet na koniec g\u00f3rskiego \u015bwiata! \u2013 Jest taki? Pomagamy okie\u0142zna\u0107 wielk\u0105 potrzeb\u0119 g\u00f3ro\u0142a\u017cenia \u2013 podajemy kolejne pomys\u0142y! Inspirujemy do w\u0119dr\u00f3wki w nieodwiedzone wcze\u015bniej miejsca. Tu, za miedz\u0105 i gdzie\u015b tam, daleko\u2026 Kras, na pograniczu S\u0142owenii i W\u0142och, w\u0142oska Garda, s\u0142owackie Wy\u017cniokubi\u0144skie Ska\u0142y, islandzka dzicz, ale te\u017c odrobina g\u00f3rskiej kultury. Czytajcie! A potem planujcie kolejny g\u00f3rski urlop!<\/p>\n\n\n\n<p id=\"block-99167873-4318-4615-b983-b12943acfea1\"><\/p>\n\n\n\n<figure class=\"wp-block-image size-large\" id=\"block-4524a194-a78c-4c52-9449-e01296d5bda9\"><img loading=\"lazy\" decoding=\"async\" width=\"728\" height=\"1024\" src=\"https:\/\/gazetagorska.pttk.pl\/wp-content\/uploads\/2024\/07\/GG130-okladka-DRUK-pol-728x1024.jpg\" alt=\"\" class=\"wp-image-981\" srcset=\"https:\/\/gazetagorska.pttk.pl\/wp-content\/uploads\/2024\/07\/GG130-okladka-DRUK-pol-728x1024.jpg 728w, https:\/\/gazetagorska.pttk.pl\/wp-content\/uploads\/2024\/07\/GG130-okladka-DRUK-pol-213x300.jpg 213w, https:\/\/gazetagorska.pttk.pl\/wp-content\/uploads\/2024\/07\/GG130-okladka-DRUK-pol-768x1080.jpg 768w, https:\/\/gazetagorska.pttk.pl\/wp-content\/uploads\/2024\/07\/GG130-okladka-DRUK-pol-1092x1536.jpg 1092w, https:\/\/gazetagorska.pttk.pl\/wp-content\/uploads\/2024\/07\/GG130-okladka-DRUK-pol-1457x2048.jpg 1457w, https:\/\/gazetagorska.pttk.pl\/wp-content\/uploads\/2024\/07\/GG130-okladka-DRUK-pol-scaled.jpg 1821w\" sizes=\"auto, (max-width: 728px) 100vw, 728px\" \/><\/figure>\n\n\n\n<h3 class=\"wp-block-heading\" id=\"block-c9736b10-2952-4471-ad7e-9af0ab1fc11f\">W numerze<\/h3>\n\n\n\n<p id=\"block-efccf7f9-0382-46d0-af3b-d5b40cdaba35\">CO NOWEGO W G\u00d3RACH? 4<br>Szybko, kr\u00f3tko \u2013 Marcin Bojarski, Raptularz G\u00f3rski \u2013 Janusz Konieczniak<\/p>\n\n\n\n<p>G\u00d3RY ZA MIEDZ\u0104 S\u0104SIADA 8<br>Kras. O wy\u017cynie, gdzie geologia \u0142\u0105czy si\u0119 z histori\u0105 Wielkiej Wojny \u2013 Jacek P\u0142onczy\u0144ski<\/p>\n\n\n\n<p>G\u00d3RY I LUDZIE 22 Tatry i Podhale okiem Rafa\u0142a Malczewskiego \u2013 Ma\u0142gorzata Bednorz<\/p>\n\n\n\n<p>G\u00d3RY ZA MIEDZ\u0104 32<br>Wok\u00f3\u0142 w\u0142oskiego jeziora Garda \u2013 Anna Kryszczak<\/p>\n\n\n\n<p>S\u0141OWACKI SPACER 40<br>Wy\u017cniokubi\u0144skie Ska\u0142y \u2013 Miros\u0142aw J. Bara\u0144ski<\/p>\n\n\n\n<p>G\u00d3RY NAJBLI\u017bSZE 48<br>Idealny dzie\u0144. Opowie\u015bci zas\u0142yszane w Gorcach \u2013 Wojciech Szatkowski<\/p>\n\n\n\n<p>G\u00d3RY I KULTURA 52 \u015aleboda. O wolno\u015bci wyboru, ba insej \u2013 Jacek P\u0142onczy\u0144ski<\/p>\n\n\n\n<p>G\u00d3RY I KULTURA 60<br>Pasterskie obrz\u0119dy i zwyczaje g\u00f3rali. Dziedzictwo wo\u0142oskie \u2013 Ma\u0142gorzata Kiere\u015b<\/p>\n\n\n\n<p>G\u00d3RY DALEKIE 66<br>Wyprawa na przyl\u0105dek Bjargtangar \u2013 Micha\u0142 Grabowski<\/p>\n\n\n\n<p>G\u00d3RY I HISTORIA 76 Trzecie schronisko na Prze\u0142\u0119czy pod \u015anie\u017ck\u0105 \u2013 Tomasz Rzeczycki<\/p>\n\n\n\n<p>DZIEJE SI\u0118 W G\u00d3RACH 84<br>COTG PTTK na 30. Festiwalu G\u00f3rskim w L\u0105dku-Zdroju w kilku obrazkach \u2013 Ekipa COTG PTTK<\/p>\n","protected":false},"excerpt":{"rendered":"<p>Od redakcji Podr\u00f3\u017cujemy w g\u00f3ry nieustaj\u0105co! Wci\u0105\u017c ma\u0142o! Wci\u0105\u017c przychodzi nam do g\u0142owy kolejny pomys\u0142, wci\u0105\u017c kalendarz p\u0119ka w szwach, wci\u0105\u017c nie ma wolnego weekendu na kolejn\u0105 wycieczk\u0119! Wci\u0105\u017c m\u00f3wimy: Tak, ale kiedy? Tak, ale kiedy\u015b? To dobrze czy \u017ale? Czy to fajnie mie\u0107 milion plan\u00f3w i pomys\u0142\u00f3w na przysz\u0142o\u015b\u0107? Czy to dobrze podporz\u0105dkowywa\u0107 ca\u0142y [&hellip;]<\/p>\n","protected":false},"author":3,"featured_media":0,"parent":0,"menu_order":0,"comment_status":"closed","ping_status":"closed","template":"","meta":{"footnotes":""},"class_list":["post-992","page","type-page","status-publish","hentry"],"_links":{"self":[{"href":"https:\/\/gazetagorska.pttk.pl\/index.php\/wp-json\/wp\/v2\/pages\/992","targetHints":{"allow":["GET"]}}],"collection":[{"href":"https:\/\/gazetagorska.pttk.pl\/index.php\/wp-json\/wp\/v2\/pages"}],"about":[{"href":"https:\/\/gazetagorska.pttk.pl\/index.php\/wp-json\/wp\/v2\/types\/page"}],"author":[{"embeddable":true,"href":"https:\/\/gazetagorska.pttk.pl\/index.php\/wp-json\/wp\/v2\/users\/3"}],"replies":[{"embeddable":true,"href":"https:\/\/gazetagorska.pttk.pl\/index.php\/wp-json\/wp\/v2\/comments?post=992"}],"version-history":[{"count":1,"href":"https:\/\/gazetagorska.pttk.pl\/index.php\/wp-json\/wp\/v2\/pages\/992\/revisions"}],"predecessor-version":[{"id":994,"href":"https:\/\/gazetagorska.pttk.pl\/index.php\/wp-json\/wp\/v2\/pages\/992\/revisions\/994"}],"wp:attachment":[{"href":"https:\/\/gazetagorska.pttk.pl\/index.php\/wp-json\/wp\/v2\/media?parent=992"}],"curies":[{"name":"wp","href":"https:\/\/api.w.org\/{rel}","templated":true}]}}

Gazeta Górska nr 130 2025

<figure class="wp-block-image size-large" id="block-55743330-2317-4d7d-ac66-aab36ca5e5a1"><img loading="lazy" decoding="async" width="1024" height="683" src="https://gazetagorska.pttk.pl/wp-content/uploads/2026/01/53052888398_72a0d4053c_o-1024x683.jpg" alt="" class="wp-image-993" srcset="https://gazetagorska.pttk.pl/wp-content/uploads/2026/01/53052888398_72a0d4053c_o-1024x683.jpg 1024w, https://gazetagorska.pttk.pl/wp-content/uploads/2026/01/53052888398_72a0d4053c_o-300x200.jpg 300w, https://gazetagorska.pttk.pl/wp-content/uploads/2026/01/53052888398_72a0d4053c_o-768x512.jpg 768w, https://gazetagorska.pttk.pl/wp-content/uploads/2026/01/53052888398_72a0d4053c_o-1536x1024.jpg 1536w, https://gazetagorska.pttk.pl/wp-content/uploads/2026/01/53052888398_72a0d4053c_o.jpg 1920w" sizes="auto, (max-width: 1024px) 100vw, 1024px" /></figure>



<h3 class="wp-block-heading" id="block-0051bfc6-2b1b-4e1a-bc2d-5cda53067db3">Od redakcji</h3>



<p id="block-99167873-4318-4615-b983-b12943acfea1">Podróżujemy w góry nieustająco! Wciąż mało! Wciąż przychodzi nam do głowy kolejny pomysł, wciąż kalendarz pęka w szwach, wciąż nie ma wolnego weekendu na kolejną wycieczkę! Wciąż mówimy: Tak, ale kiedy? Tak, ale kiedyś? To dobrze czy źle? Czy to fajnie mieć milion planów i pomysłów na przyszłość? Czy to dobrze podporządkowywać cały kalendarz pod kolejne wyjazdy? Bo przecież eksploracja gór wszelkich jest najważniejsza! Różnie bywa, ale jeśli tylko mamy możliwości w góry jeździć, to róbmy to ile się da! Po pracy na zachód słońca na pobliskie wgórze, na weeken w Beskidy lub Sudety, na długi weekend w góry Słowacji czy Czech, a na urlop gdzie oczy, nogi i mapa poniosą! nawet na koniec górskiego świata! – Jest taki? Pomagamy okiełznać wielką potrzebę górołażenia – podajemy kolejne pomysły! Inspirujemy do wędrówki w nieodwiedzone wcześniej miejsca. Tu, za miedzą i gdzieś tam, daleko… Kras, na pograniczu Słowenii i Włoch, włoska Garda, słowackie Wyżniokubińskie Skały, islandzka dzicz, ale też odrobina górskiej kultury. Czytajcie! A potem planujcie kolejny górski urlop!</p>



<p id="block-99167873-4318-4615-b983-b12943acfea1"></p>



<figure class="wp-block-image size-large" id="block-4524a194-a78c-4c52-9449-e01296d5bda9"><img loading="lazy" decoding="async" width="728" height="1024" src="https://gazetagorska.pttk.pl/wp-content/uploads/2024/07/GG130-okladka-DRUK-pol-728x1024.jpg" alt="" class="wp-image-981" srcset="https://gazetagorska.pttk.pl/wp-content/uploads/2024/07/GG130-okladka-DRUK-pol-728x1024.jpg 728w, https://gazetagorska.pttk.pl/wp-content/uploads/2024/07/GG130-okladka-DRUK-pol-213x300.jpg 213w, https://gazetagorska.pttk.pl/wp-content/uploads/2024/07/GG130-okladka-DRUK-pol-768x1080.jpg 768w, https://gazetagorska.pttk.pl/wp-content/uploads/2024/07/GG130-okladka-DRUK-pol-1092x1536.jpg 1092w, https://gazetagorska.pttk.pl/wp-content/uploads/2024/07/GG130-okladka-DRUK-pol-1457x2048.jpg 1457w, https://gazetagorska.pttk.pl/wp-content/uploads/2024/07/GG130-okladka-DRUK-pol-scaled.jpg 1821w" sizes="auto, (max-width: 728px) 100vw, 728px" /></figure>



<h3 class="wp-block-heading" id="block-c9736b10-2952-4471-ad7e-9af0ab1fc11f">W numerze</h3>



<p id="block-efccf7f9-0382-46d0-af3b-d5b40cdaba35">CO NOWEGO W GÓRACH? 4<br>Szybko, krótko – Marcin Bojarski, Raptularz Górski – Janusz Konieczniak</p>



<p>GÓRY ZA MIEDZĄ SĄSIADA 8<br>Kras. O wyżynie, gdzie geologia łączy się z historią Wielkiej Wojny – Jacek Płonczyński</p>



<p>GÓRY I LUDZIE 22 Tatry i Podhale okiem Rafała Malczewskiego – Małgorzata Bednorz</p>



<p>GÓRY ZA MIEDZĄ 32<br>Wokół włoskiego jeziora Garda – Anna Kryszczak</p>



<p>SŁOWACKI SPACER 40<br>Wyżniokubińskie Skały – Mirosław J. Barański</p>



<p>GÓRY NAJBLIŻSZE 48<br>Idealny dzień. Opowieści zasłyszane w Gorcach – Wojciech Szatkowski</p>



<p>GÓRY I KULTURA 52 Śleboda. O wolności wyboru, ba insej – Jacek Płonczyński</p>



<p>GÓRY I KULTURA 60<br>Pasterskie obrzędy i zwyczaje górali. Dziedzictwo wołoskie – Małgorzata Kiereś</p>



<p>GÓRY DALEKIE 66<br>Wyprawa na przylądek Bjargtangar – Michał Grabowski</p>



<p>GÓRY I HISTORIA 76 Trzecie schronisko na Przełęczy pod Śnieżką – Tomasz Rzeczycki</p>



<p>DZIEJE SIĘ W GÓRACH 84<br>COTG PTTK na 30. Festiwalu Górskim w Lądku-Zdroju w kilku obrazkach – Ekipa COTG PTTK</p>

<p>Od redakcji Podróżujemy w góry nieustająco! Wciąż mało! Wciąż przychodzi nam do głowy kolejny pomysł, wciąż kalendarz pęka w szwach, wciąż nie ma wolnego weekendu na kolejną wycieczkę! Wciąż mówimy: Tak, ale kiedy? Tak, ale kiedyś? To dobrze czy źle? Czy to fajnie mieć milion planów i pomysłów na przyszłość? Czy to dobrze podporządkowywać cały [&hellip;]</p>
